CRAN Package Check Results for Package bayes4psy

Last updated on 2021-11-26 19:52:43 CET.

Flavor Version Tinstall Tcheck Ttotal Status Flags
r-devel-linux-x86_64-debian-clang 1.2.8 536.24 323.10 859.34 NOTE
r-devel-linux-x86_64-debian-gcc 1.2.8 459.34 251.07 710.41 NOTE
r-devel-linux-x86_64-fedora-clang 1.2.8 1189.06 NOTE
r-devel-linux-x86_64-fedora-gcc 1.2.8 1271.96 NOTE
r-devel-windows-x86_64-new-UL 1.2.8 649.00 578.00 1227.00 NOTE
r-devel-windows-x86_64-new-TK 1.2.8 NOTE
r-devel-windows-x86_64-old 1.2.8 567.00 510.00 1077.00 NOTE
r-patched-linux-x86_64 1.2.8 427.13 337.17 764.30 NOTE
r-patched-solaris-x86 1.2.8 1123.90 NOTE
r-release-linux-x86_64 1.2.8 NOTE
r-release-macos-arm64 1.2.8 NOTE
r-release-macos-x86_64 1.2.8 NOTE
r-release-windows-ix86+x86_64 1.2.8 652.00 461.00 1113.00 NOTE
r-oldrel-macos-x86_64 1.2.8 ERROR
r-oldrel-windows-ix86+x86_64 1.2.8 642.00 456.00 1098.00 NOTE

Check Details

Version: 1.2.8
Check: for GNU extensions in Makefiles
Result: NOTE
    GNU make is a SystemRequirements.
Flavors: r-devel-linux-x86_64-debian-clang, r-devel-linux-x86_64-debian-gcc, r-devel-linux-x86_64-fedora-clang, r-devel-linux-x86_64-fedora-gcc, r-devel-windows-x86_64-new-UL, r-devel-windows-x86_64-new-TK, r-devel-windows-x86_64-old, r-patched-linux-x86_64, r-patched-solaris-x86, r-release-linux-x86_64, r-release-macos-arm64, r-release-macos-x86_64, r-release-windows-ix86+x86_64, r-oldrel-windows-ix86+x86_64

Version: 1.2.8
Check: installed package size
Result: NOTE
     installed size is 63.1Mb
     sub-directories of 1Mb or more:
     libs 61.1Mb
Flavors: r-devel-linux-x86_64-fedora-clang, r-devel-windows-x86_64-new-UL, r-devel-windows-x86_64-old, r-patched-solaris-x86, r-release-macos-arm64, r-release-macos-x86_64, r-release-windows-ix86+x86_64, r-oldrel-windows-ix86+x86_64

Version: 1.2.8
Check: dependencies in R code
Result: NOTE
    Namespaces in Imports field not imported from:
     ‘scales’ ‘utils’
     All declared Imports should be used.
Flavors: r-devel-linux-x86_64-fedora-clang, r-devel-linux-x86_64-fedora-gcc, r-devel-windows-x86_64-new-TK, r-patched-solaris-x86, r-release-macos-arm64, r-release-macos-x86_64

Version: 1.2.8
Check: line endings in C/C++/Fortran sources/headers
Result: NOTE
    Found the following sources/headers with CR or CRLF line endings:
     src/stan_files/color.hpp
     src/stan_files/linear.hpp
     src/stan_files/reaction_time.hpp
     src/stan_files/success_rate.hpp
     src/stan_files/ttest.hpp
    Some Unix compilers require LF line endings.
Flavor: r-devel-windows-x86_64-new-TK

Version: 1.2.8
Check: package dependencies
Result: ERROR
    Package required and available but unsuitable version: ‘rstan’
    
    See section ‘The DESCRIPTION file’ in the ‘Writing R Extensions’
    manual.
Flavor: r-oldrel-macos-x86_64