CRAN Package Check Results for Package bayMDS

Last updated on 2022-10-01 07:07:52 CEST.

Flavor Version Tinstall Tcheck Ttotal Status Flags
r-devel-linux-x86_64-debian-clang 1.6 35.81 51.70 87.51 OK
r-devel-linux-x86_64-debian-gcc 1.6 31.11 38.79 69.90 OK
r-devel-linux-x86_64-fedora-clang 1.6 131.88 NOTE
r-devel-linux-x86_64-fedora-gcc 1.6 126.52 NOTE
r-devel-windows-x86_64 1.6 33.00 102.00 135.00 OK
r-patched-linux-x86_64 1.6 30.44 47.64 78.08 OK
r-release-linux-x86_64 1.6 30.59 48.06 78.65 OK
r-release-macos-arm64 1.6 33.00 NOTE
r-release-macos-x86_64 1.6 55.00 NOTE
r-release-windows-x86_64 1.6 34.00 107.00 141.00 OK
r-oldrel-macos-arm64 1.6 33.00 NOTE
r-oldrel-macos-x86_64 1.6 45.00 NOTE
r-oldrel-windows-ix86+x86_64 1.6 88.00 127.00 215.00 OK

Check Details

Version: 1.6
Check: dependencies in R code
Result: NOTE
    Namespaces in Imports field not imported from:
     ‘gridExtra’ ‘rgl’
     All declared Imports should be used.
Flavors: r-devel-linux-x86_64-fedora-clang, r-devel-linux-x86_64-fedora-gcc, r-release-macos-arm64, r-release-macos-x86_64, r-oldrel-macos-arm64, r-oldrel-macos-x86_64