CRAN Package Check Results for Package bastah

Last updated on 2022-09-26 21:52:52 CEST.

Flavor Version Tinstall Tcheck Ttotal Status Flags
r-devel-linux-x86_64-debian-clang 1.0.7 7.31 74.97 82.28 NOTE
r-devel-linux-x86_64-debian-gcc 1.0.7 5.82 57.62 63.44 NOTE
r-devel-linux-x86_64-fedora-clang 1.0.7 115.67 NOTE
r-devel-linux-x86_64-fedora-gcc 1.0.7 115.90 NOTE
r-devel-windows-x86_64 1.0.7 12.00 94.00 106.00 NOTE
r-patched-linux-x86_64 1.0.7 7.75 70.64 78.39 NOTE
r-release-linux-x86_64 1.0.7 8.96 71.61 80.57 NOTE
r-release-macos-arm64 1.0.7 31.00 NOTE
r-release-macos-x86_64 1.0.7 44.00 NOTE
r-release-windows-x86_64 1.0.7 12.00 99.00 111.00 NOTE
r-oldrel-macos-arm64 1.0.7 39.00 NOTE
r-oldrel-macos-x86_64 1.0.7 49.00 NOTE
r-oldrel-windows-ix86+x86_64 1.0.7 20.00 94.00 114.00 NOTE

Check Details

Version: 1.0.7
Check: package dependencies
Result: NOTE
    Package which this enhances but not available for checking: 'rPython'
Flavors: r-devel-linux-x86_64-debian-clang, r-devel-linux-x86_64-debian-gcc, r-devel-linux-x86_64-fedora-clang, r-devel-linux-x86_64-fedora-gcc, r-patched-linux-x86_64, r-release-linux-x86_64, r-release-macos-arm64, r-release-macos-x86_64, r-oldrel-macos-arm64, r-oldrel-macos-x86_64

Version: 1.0.7
Check: package dependencies
Result: NOTE
    Packages which this enhances but not available for checking:
     'doMC', 'rPython'
Flavors: r-devel-windows-x86_64, r-release-windows-x86_64, r-oldrel-windows-ix86+x86_64