CRAN Package Check Results for Package basedosdados

Last updated on 2021-11-26 19:52:43 CET.

Flavor Version Tinstall Tcheck Ttotal Status Flags
r-devel-linux-x86_64-debian-clang 0.1.0 8.68 65.98 74.66 OK
r-devel-linux-x86_64-debian-gcc 0.1.0 6.19 50.31 56.50 OK
r-devel-linux-x86_64-fedora-clang 0.1.0 99.92 NOTE
r-devel-linux-x86_64-fedora-gcc 0.1.0 85.58 NOTE
r-devel-windows-x86_64-new-UL 0.1.0 16.00 112.00 128.00 OK
r-devel-windows-x86_64-new-TK 0.1.0 NOTE
r-devel-windows-x86_64-old 0.1.0 11.00 87.00 98.00 OK
r-patched-linux-x86_64 0.1.0 7.86 61.33 69.19 OK
r-patched-solaris-x86 0.1.0 125.00 NOTE
r-release-linux-x86_64 0.1.0 OK
r-release-macos-arm64 0.1.0 NOTE
r-release-macos-x86_64 0.1.0 NOTE
r-release-windows-ix86+x86_64 0.1.0 20.00 88.00 108.00 OK
r-oldrel-macos-x86_64 0.1.0 NOTE
r-oldrel-windows-ix86+x86_64 0.1.0 36.00 91.00 127.00 OK

Check Details

Version: 0.1.0
Check: dependencies in R code
Result: NOTE
    Namespaces in Imports field not imported from:
     ‘dbplyr’ ‘dotenv’ ‘googleAuthR’ ‘httr’ ‘writexl’
     All declared Imports should be used.
Flavors: r-devel-linux-x86_64-fedora-clang, r-devel-linux-x86_64-fedora-gcc, r-devel-windows-x86_64-new-TK, r-patched-solaris-x86, r-release-macos-arm64, r-release-macos-x86_64, r-oldrel-macos-x86_64

Version: 0.1.0
Check: Rd cross-references
Result: NOTE
    Undeclared packages ‘jsonlite’, ‘arrow’ in Rd xrefs
Flavor: r-devel-linux-x86_64-fedora-clang