CRAN Package Check Results for Package base64enc

Last updated on 2021-10-19 01:49:30 CEST.

Flavor Version Tinstall Tcheck Ttotal Status Flags
r-devel-linux-x86_64-debian-clang 0.1-3 2.06 19.34 21.40 OK
r-devel-linux-x86_64-debian-gcc 0.1-3 1.64 16.08 17.72 OK
r-devel-linux-x86_64-fedora-clang 0.1-3 37.16 NOTE
r-devel-linux-x86_64-fedora-gcc 0.1-3 26.91 NOTE
r-devel-windows-x86_64 0.1-3 6.00 38.00 44.00 OK
r-devel-windows-x86_64-gcc10-UCRT 0.1-3 OK
r-patched-linux-x86_64 0.1-3 1.87 18.96 20.83 OK
r-patched-solaris-x86 0.1-3 41.80 OK
r-release-linux-x86_64 0.1-3 1.87 18.86 20.73 OK
r-release-macos-arm64 0.1-3 OK
r-release-macos-x86_64 0.1-3 OK
r-release-windows-ix86+x86_64 0.1-3 10.00 42.00 52.00 OK
r-oldrel-macos-x86_64 0.1-3 OK
r-oldrel-windows-ix86+x86_64 0.1-3 10.00 40.00 50.00 OK

Check Details

Version: 0.1-3
Check: compiled code
Result: NOTE
    File ‘base64enc/libs/base64enc.so’:
     Found no calls to: ‘R_registerRoutines’, ‘R_useDynamicSymbols’
    
    It is good practice to register native routines and to disable symbol
    search.
    
    See ‘Writing portable packages’ in the ‘Writing R Extensions’ manual.
Flavors: r-devel-linux-x86_64-fedora-clang, r-devel-linux-x86_64-fedora-gcc