CRAN Package Check Results for Package base.rms

Last updated on 2022-05-25 12:57:05 CEST.

Flavor Version Tinstall Tcheck Ttotal Status Flags
r-devel-linux-x86_64-debian-clang 1.0 13.38 138.00 151.38 NOTE
r-devel-linux-x86_64-debian-gcc 1.0 11.08 101.79 112.87 NOTE
r-devel-linux-x86_64-fedora-clang 1.0 182.85 NOTE
r-devel-linux-x86_64-fedora-gcc 1.0 173.68 NOTE
r-devel-windows-x86_64 1.0 20.00 146.00 166.00 NOTE
r-patched-linux-x86_64 1.0 11.10 128.43 139.53 NOTE
r-release-linux-x86_64 1.0 NOTE
r-release-macos-arm64 1.0 58.00 NOTE
r-release-macos-x86_64 1.0 84.00 NOTE
r-release-windows-x86_64 1.0 22.00 155.00 177.00 NOTE
r-oldrel-macos-arm64 1.0 59.00 NOTE
r-oldrel-macos-x86_64 1.0 71.00 NOTE
r-oldrel-windows-ix86+x86_64 1.0 36.00 150.00 186.00 NOTE

Check Details

Version: 1.0
Check: LazyData
Result: NOTE
     'LazyData' is specified without a 'data' directory
Flavors: r-devel-linux-x86_64-debian-clang, r-devel-linux-x86_64-debian-gcc, r-devel-linux-x86_64-fedora-clang, r-devel-linux-x86_64-fedora-gcc, r-devel-windows-x86_64, r-patched-linux-x86_64, r-release-linux-x86_64, r-release-macos-arm64, r-release-macos-x86_64, r-release-windows-x86_64, r-oldrel-macos-arm64, r-oldrel-macos-x86_64, r-oldrel-windows-ix86+x86_64

Version: 1.0
Check: dependencies in R code
Result: NOTE
    Namespace in Imports field not imported from: ‘splines’
     All declared Imports should be used.
Flavors: r-devel-linux-x86_64-fedora-clang, r-devel-linux-x86_64-fedora-gcc, r-release-macos-arm64, r-release-macos-x86_64, r-oldrel-macos-arm64, r-oldrel-macos-x86_64