CRAN Package Check Results for Package bambooHR

Last updated on 2022-10-03 06:53:14 CEST.

Flavor Version Tinstall Tcheck Ttotal Status Flags
r-devel-linux-x86_64-debian-clang 0.1.0 3.49 36.75 40.24 OK
r-devel-linux-x86_64-debian-gcc 0.1.0 2.52 28.10 30.62 OK
r-devel-linux-x86_64-fedora-clang 0.1.0 61.63 NOTE
r-devel-linux-x86_64-fedora-gcc 0.1.0 60.50 NOTE
r-devel-windows-x86_64 0.1.0 24.00 67.00 91.00 OK
r-patched-linux-x86_64 0.1.0 3.88 34.24 38.12 OK
r-release-linux-x86_64 0.1.0 3.70 34.79 38.49 OK
r-release-macos-arm64 0.1.0 18.00 NOTE
r-release-macos-x86_64 0.1.0 37.00 NOTE
r-release-windows-x86_64 0.1.0 30.00 63.00 93.00 OK
r-oldrel-macos-arm64 0.1.0 19.00 NOTE
r-oldrel-macos-x86_64 0.1.0 26.00 NOTE
r-oldrel-windows-ix86+x86_64 0.1.0 11.00 59.00 70.00 OK

Check Details

Version: 0.1.0
Check: dependencies in R code
Result: NOTE
    Namespaces in Imports field not imported from:
     ‘fs’ ‘testthat’
     All declared Imports should be used.
Flavors: r-devel-linux-x86_64-fedora-clang, r-devel-linux-x86_64-fedora-gcc, r-release-macos-arm64, r-release-macos-x86_64, r-oldrel-macos-arm64, r-oldrel-macos-x86_64