Last updated on 2023-03-31 06:49:37 CEST.
Flavor | Version | Tinstall | Tcheck | Ttotal | Status | Flags |
---|---|---|---|---|---|---|
r-devel-linux-x86_64-debian-clang | 1.3.0 | 54.32 | 37.15 | 91.47 | NOTE | |
r-devel-linux-x86_64-debian-gcc | 1.3.0 | 42.93 | 28.76 | 71.69 | NOTE | |
r-devel-linux-x86_64-fedora-clang | 1.3.0 | 130.84 | NOTE | |||
r-devel-linux-x86_64-fedora-gcc | 1.3.0 | 128.24 | NOTE | |||
r-devel-windows-x86_64 | 1.3.0 | 47.00 | 96.00 | 143.00 | NOTE | |
r-patched-linux-x86_64 | 1.3.0 | 42.77 | 36.32 | 79.09 | NOTE | |
r-release-linux-x86_64 | 1.3.0 | 48.85 | 37.12 | 85.97 | OK | |
r-release-macos-arm64 | 1.3.0 | 40.00 | OK | |||
r-release-macos-x86_64 | 1.3.0 | 48.00 | OK | |||
r-release-windows-x86_64 | 1.3.0 | 43.00 | 102.00 | 145.00 | OK | |
r-oldrel-macos-arm64 | 1.3.0 | 35.00 | OK | |||
r-oldrel-macos-x86_64 | 1.3.0 | 48.00 | OK | |||
r-oldrel-windows-ix86+x86_64 | 1.3.0 | 126.00 | 94.00 | 220.00 | OK |
Version: 1.3.0
Check: C++ specification
Result: NOTE
Specified C++11: please drop specification unless essential
Flavors: r-devel-linux-x86_64-debian-clang, r-devel-linux-x86_64-debian-gcc, r-devel-linux-x86_64-fedora-clang, r-devel-linux-x86_64-fedora-gcc, r-devel-windows-x86_64, r-patched-linux-x86_64