CRAN Package Check Results for Package backShift

Last updated on 2021-10-27 22:56:36 CEST.

Flavor Version Tinstall Tcheck Ttotal Status Flags
r-devel-linux-x86_64-debian-clang 0.1.4.3 7.34 146.63 153.97 OK
r-devel-linux-x86_64-debian-gcc 0.1.4.3 6.22 105.58 111.80 OK
r-devel-linux-x86_64-fedora-clang 0.1.4.3 183.48 NOTE
r-devel-linux-x86_64-fedora-gcc 0.1.4.3 173.93 OK
r-devel-windows-x86_64 0.1.4.3 14.00 181.00 195.00 OK
r-devel-windows-x86_64-gcc10-UCRT 0.1.4.3 OK
r-patched-linux-x86_64 0.1.4.3 6.69 135.56 142.25 OK
r-patched-solaris-x86 0.1.4.3 234.30 OK
r-release-linux-x86_64 0.1.4.3 6.88 136.89 143.77 OK
r-release-macos-arm64 0.1.4.3 NOTE
r-release-macos-x86_64 0.1.4.3 OK
r-release-windows-ix86+x86_64 0.1.4.3 17.00 239.00 256.00 OK
r-oldrel-macos-x86_64 0.1.4.3 OK
r-oldrel-windows-ix86+x86_64 0.1.4.3 17.00 265.00 282.00 OK

Check Details

Version: 0.1.4.3
Check: Rd cross-references
Result: NOTE
    Undeclared packages ‘InvariantCausalPrediction’, ‘CompareCausalNetworks’ in Rd xrefs
Flavor: r-devel-linux-x86_64-fedora-clang

Version: 0.1.4.3
Check: package dependencies
Result: NOTE
    Package suggested but not available for checking: ‘pcalg’
Flavor: r-release-macos-arm64

Version: 0.1.4.3
Check: Rd cross-references
Result: NOTE
    Package unavailable to check Rd xrefs: ‘pcalg’
Flavor: r-release-macos-arm64