CRAN Package Check Results for Package babynames

Last updated on 2021-09-25 19:49:55 CEST.

Flavor Version Tinstall Tcheck Ttotal Status Flags
r-devel-linux-x86_64-debian-clang 1.0.1 40.26 48.12 88.38 OK
r-devel-linux-x86_64-debian-gcc 1.0.1 38.12 39.21 77.33 OK
r-devel-linux-x86_64-fedora-clang 1.0.1 125.03 NOTE
r-devel-linux-x86_64-fedora-gcc 1.0.1 113.56 OK
r-devel-windows-x86_64 1.0.1 46.00 49.00 95.00 NOTE
r-devel-windows-x86_64-gcc10-UCRT 1.0.1 OK
r-patched-linux-x86_64 1.0.1 39.80 47.26 87.06 OK
r-patched-solaris-x86 1.0.1 235.00 NOTE
r-release-linux-x86_64 1.0.1 40.05 47.15 87.20 OK
r-release-macos-arm64 1.0.1 NOTE
r-release-macos-x86_64 1.0.1 NOTE
r-release-windows-ix86+x86_64 1.0.1 59.00 67.00 126.00 NOTE
r-oldrel-macos-x86_64 1.0.1 NOTE
r-oldrel-windows-ix86+x86_64 1.0.1 47.00 52.00 99.00 NOTE

Check Details

Version: 1.0.1
Check: installed package size
Result: NOTE
     installed size is 5.4Mb
     sub-directories of 1Mb or more:
     data 5.3Mb
Flavors: r-devel-linux-x86_64-fedora-clang, r-devel-windows-x86_64, r-patched-solaris-x86, r-release-macos-arm64, r-release-macos-x86_64, r-release-windows-ix86+x86_64, r-oldrel-macos-x86_64, r-oldrel-windows-ix86+x86_64