CRAN Package Check Results for Package babsim.hospital

Last updated on 2021-08-05 07:49:14 CEST.

Flavor Version Tinstall Tcheck Ttotal Status Flags
r-devel-linux-x86_64-debian-clang 11.8.2 19.56 248.89 268.45 OK
r-devel-linux-x86_64-debian-gcc 11.8.2 17.26 183.45 200.71 OK
r-devel-linux-x86_64-fedora-clang 11.8.2 313.43 NOTE
r-devel-linux-x86_64-fedora-gcc 11.8.2 170.47 NOTE
r-devel-windows-x86_64 11.8.2 32.00 278.00 310.00 OK
r-devel-windows-x86_64-gcc10-UCRT 11.8.2 ERROR
r-patched-linux-x86_64 11.8.2 18.88 230.81 249.69 OK
r-patched-solaris-x86 11.8.2 383.70 NOTE
r-release-linux-x86_64 11.8.2 19.41 233.73 253.14 OK
r-release-macos-arm64 11.8.2 WARN
r-release-macos-x86_64 11.8.2 NOTE
r-release-windows-ix86+x86_64 11.8.2 44.00 273.00 317.00 OK
r-oldrel-macos-x86_64 11.8.2 NOTE
r-oldrel-windows-ix86+x86_64 11.8.2 44.00 288.00 332.00 OK

Check Details

Version: 11.8.2
Check: data for non-ASCII characters
Result: NOTE
     Note: found 62887 marked UTF-8 strings
Flavors: r-devel-linux-x86_64-fedora-clang, r-devel-linux-x86_64-fedora-gcc, r-patched-solaris-x86, r-release-macos-arm64, r-release-macos-x86_64, r-oldrel-macos-x86_64

Version: 11.8.2
Check: package dependencies
Result: ERROR
    Packages required but not available:
     'SPOT', 'dplyr', 'ggplot2', 'golem', 'markovchain', 'padr', 'rvest',
     'testthat'
    
    Packages suggested but not available for checking:
     'simmer.plot', 'tidyverse', 'usethis'
    
    See section 'The DESCRIPTION file' in the 'Writing R Extensions'
    manual.
Flavor: r-devel-windows-x86_64-gcc10-UCRT

Version: 11.8.2
Check: re-building of vignette outputs
Result: WARN
    Error(s) in re-building vignettes:
     ...
    --- re-building ‘babsim-vignette-introduction.Rmd’ using rmarkdown
    Warning in engine$weave(file, quiet = quiet, encoding = enc) :
     Pandoc (>= 1.12.3) not available. Falling back to R Markdown v1.
    Quitting from lines 157-159 (babsim-vignette-introduction.Rmd)
    Error: processing vignette 'babsim-vignette-introduction.Rmd' failed with diagnostics:
    polygon edge not found
    --- failed re-building ‘babsim-vignette-introduction.Rmd’
    
    SUMMARY: processing the following file failed:
     ‘babsim-vignette-introduction.Rmd’
    
    Error: Vignette re-building failed.
    Execution halted
Flavor: r-release-macos-arm64