CRAN Package Check Results for Package baRulho

Last updated on 2021-07-23 19:49:55 CEST.

Flavor Version Tinstall Tcheck Ttotal Status Flags
r-devel-linux-x86_64-debian-clang 1.0.5 8.06 119.10 127.16 OK
r-devel-linux-x86_64-debian-gcc 1.0.5 6.25 86.40 92.65 OK
r-devel-linux-x86_64-fedora-clang 1.0.5 156.22 NOTE
r-devel-linux-x86_64-fedora-gcc 1.0.5 147.18 OK
r-devel-windows-x86_64 1.0.5 11.00 115.00 126.00 OK
r-devel-windows-x86_64-gcc10-UCRT 1.0.5 OK
r-patched-linux-x86_64 1.0.5 11.41 113.28 124.69 OK
r-patched-solaris-x86 1.0.5 211.50 OK
r-release-linux-x86_64 1.0.5 7.18 113.79 120.97 OK
r-release-macos-arm64 1.0.5 OK
r-release-macos-x86_64 1.0.5 OK
r-release-windows-ix86+x86_64 1.0.5 17.00 154.00 171.00 OK
r-oldrel-macos-x86_64 1.0.5 OK
r-oldrel-windows-ix86+x86_64 1.0.5 16.00 144.00 160.00 OK

Check Details

Version: 1.0.5
Check: Rd cross-references
Result: NOTE
    Undeclared package ‘Rraven’ in Rd xrefs
Flavor: r-devel-linux-x86_64-fedora-clang