CRAN Package Check Results for Package bSims

Last updated on 2021-06-19 01:50:14 CEST.

Flavor Version Tinstall Tcheck Ttotal Status Flags
r-devel-linux-x86_64-debian-clang 0.2-1 10.21 115.05 125.26 NOTE
r-devel-linux-x86_64-debian-gcc 0.2-1 8.44 82.68 91.12 NOTE
r-devel-linux-x86_64-fedora-clang 0.2-1 149.30 NOTE
r-devel-linux-x86_64-fedora-gcc 0.2-1 139.17 NOTE
r-devel-windows-x86_64 0.2-1 14.00 107.00 121.00 NOTE
r-devel-windows-x86_64-gcc10-UCRT 0.2-1 NOTE
r-patched-linux-x86_64 0.2-1 9.94 107.10 117.04 NOTE
r-patched-solaris-x86 0.2-1 196.90 NOTE
r-release-linux-x86_64 0.2-1 10.55 107.37 117.92 NOTE
r-release-macos-arm64 0.2-1 NOTE
r-release-macos-x86_64 0.2-1 NOTE
r-release-windows-ix86+x86_64 0.2-1 19.00 136.00 155.00 NOTE
r-oldrel-macos-x86_64 0.2-1 OK
r-oldrel-windows-ix86+x86_64 0.2-1 14.00 134.00 148.00 OK

Check Details

Version: 0.2-1
Check: LazyData
Result: NOTE
     'LazyData' is specified without a 'data' directory
Flavors: r-devel-linux-x86_64-debian-clang, r-devel-linux-x86_64-debian-gcc, r-devel-linux-x86_64-fedora-clang, r-devel-linux-x86_64-fedora-gcc, r-devel-windows-x86_64, r-devel-windows-x86_64-gcc10-UCRT, r-patched-linux-x86_64, r-patched-solaris-x86, r-release-linux-x86_64, r-release-macos-arm64, r-release-macos-x86_64, r-release-windows-ix86+x86_64