Last updated on 2023-04-01 21:54:01 CEST.
Flavor | Version | Tinstall | Tcheck | Ttotal | Status | Flags |
---|---|---|---|---|---|---|
r-devel-linux-x86_64-debian-clang | 0.6.0 | 2.76 | 29.73 | 32.49 | OK | |
r-devel-linux-x86_64-debian-gcc | 0.6.0 | 1.91 | 23.58 | 25.49 | OK | |
r-devel-linux-x86_64-fedora-clang | 0.6.0 | 41.33 | OK | |||
r-devel-linux-x86_64-fedora-gcc | 0.6.0 | 39.38 | OK | |||
r-devel-windows-x86_64 | 0.6.0 | 6.00 | 86.00 | 92.00 | OK | |
r-patched-linux-x86_64 | 0.6.0 | 2.68 | 29.45 | 32.13 | OK | |
r-release-linux-x86_64 | 0.6.0 | 2.30 | 29.02 | 31.32 | OK | |
r-release-macos-arm64 | 0.6.0 | 22.00 | OK | |||
r-release-macos-x86_64 | 0.6.0 | 28.00 | OK | |||
r-release-windows-x86_64 | 0.6.0 | 48.00 | 79.00 | 127.00 | OK | |
r-oldrel-macos-arm64 | 0.6.0 | 26.00 | OK | |||
r-oldrel-macos-x86_64 | 0.6.0 | 36.00 | OK | |||
r-oldrel-windows-ix86+x86_64 | 0.6.0 | 11.00 | 77.00 | 88.00 | NOTE |
Version: 0.6.0
Check: R code for possible problems
Result: NOTE
Initiating curl with CURL_SSL_BACKEND: openssl
Flavor: r-oldrel-windows-ix86+x86_64