Last updated on 2023-03-21 19:03:54 CET.
Flavor | Version | Tinstall | Tcheck | Ttotal | Status | Flags |
---|---|---|---|---|---|---|
r-devel-linux-x86_64-debian-clang | 0.1.4 | 2.35 | 26.11 | 28.46 | OK | |
r-devel-linux-x86_64-debian-gcc | 0.1.4 | 2.14 | 20.82 | 22.96 | OK | |
r-devel-linux-x86_64-fedora-clang | 0.1.4 | 37.26 | OK | |||
r-devel-linux-x86_64-fedora-gcc | 0.1.4 | 35.21 | OK | |||
r-devel-windows-x86_64 | 0.1.4 | 8.00 | 88.00 | 96.00 | OK | |
r-patched-linux-x86_64 | 0.1.4 | 2.86 | 26.79 | 29.65 | OK | |
r-release-linux-x86_64 | 0.1.4 | 2.06 | 26.96 | 29.02 | OK | |
r-release-macos-arm64 | 0.1.4 | 17.00 | OK | |||
r-release-macos-x86_64 | 0.1.4 | 29.00 | OK | |||
r-release-windows-x86_64 | 0.1.4 | 15.00 | 77.00 | 92.00 | OK | |
r-oldrel-macos-arm64 | 0.1.4 | 23.00 | OK | |||
r-oldrel-macos-x86_64 | 0.1.4 | 24.00 | OK | |||
r-oldrel-windows-ix86+x86_64 | 0.1.4 | 10.00 | 68.00 | 78.00 | NOTE |
Version: 0.1.4
Check: R code for possible problems
Result: NOTE
Initiating curl with CURL_SSL_BACKEND: openssl
Flavor: r-oldrel-windows-ix86+x86_64