CRAN Package Check Results for Package avesperu

Last updated on 2024-02-24 18:54:43 CET.

Flavor Version Tinstall Tcheck Ttotal Status Flags
r-devel-linux-x86_64-debian-clang 0.0.1 1.95 23.12 25.07 OK
r-devel-linux-x86_64-debian-gcc 0.0.1 1.54 18.19 19.73 OK
r-devel-linux-x86_64-fedora-clang 0.0.1 31.39 NOTE
r-devel-linux-x86_64-fedora-gcc 0.0.1 30.13 NOTE
r-devel-windows-x86_64 0.0.1 2.00 40.00 42.00 OK
r-patched-linux-x86_64 0.0.1 2.33 22.87 25.20 OK
r-release-linux-x86_64 0.0.1 1.84 22.93 24.77 OK
r-release-macos-arm64 0.0.1 16.00 OK
r-release-macos-x86_64 0.0.1 35.00 OK
r-release-windows-x86_64 0.0.1 3.00 40.00 43.00 OK
r-oldrel-macos-arm64 0.0.1 19.00 OK
r-oldrel-windows-x86_64 0.0.1 4.00 45.00 49.00 OK

Check Details

Version: 0.0.1
Check: data for non-ASCII characters
Result: NOTE Note: found 610 marked UTF-8 strings Flavors: r-devel-linux-x86_64-fedora-clang, r-devel-linux-x86_64-fedora-gcc