CRAN Package Check Results for Package autostats

Last updated on 2022-09-27 00:50:57 CEST.

Flavor Version Tinstall Tcheck Ttotal Status Flags
r-devel-linux-x86_64-debian-clang 0.3.1 5.43 123.51 128.94 OK
r-devel-linux-x86_64-debian-gcc 0.3.1 3.57 81.25 84.82 OK
r-devel-linux-x86_64-fedora-clang 0.3.1 155.33 NOTE
r-devel-linux-x86_64-fedora-gcc 0.3.1 148.43 OK
r-devel-windows-x86_64 0.3.1 57.00 150.00 207.00 OK
r-patched-linux-x86_64 0.3.1 5.41 100.35 105.76 OK
r-release-linux-x86_64 0.3.1 4.47 100.10 104.57 OK
r-release-macos-arm64 0.3.1 44.00 OK
r-release-macos-x86_64 0.3.1 56.00 OK
r-release-windows-x86_64 0.3.1 104.00 144.00 248.00 OK
r-oldrel-macos-arm64 0.3.1 38.00 OK
r-oldrel-macos-x86_64 0.3.1 64.00 OK
r-oldrel-windows-ix86+x86_64 0.3.1 15.00 148.00 163.00 OK

Check Details

Version: 0.3.1
Check: package dependencies
Result: NOTE
    Imports includes 39 non-default packages.
    Importing from so many packages makes the package vulnerable to any of
    them becoming unavailable. Move as many as possible to Suggests and
    use conditionally.
Flavor: r-devel-linux-x86_64-fedora-clang