CRAN Package Check Results for Package automagic

Last updated on 2022-10-01 13:51:25 CEST.

Flavor Version Tinstall Tcheck Ttotal Status Flags
r-devel-linux-x86_64-debian-clang 0.5.1 2.11 24.43 26.54 NOTE
r-devel-linux-x86_64-debian-gcc 0.5.1 1.60 19.55 21.15 NOTE
r-devel-linux-x86_64-fedora-clang 0.5.1 45.76 NOTE
r-devel-linux-x86_64-fedora-gcc 0.5.1 44.65 NOTE
r-devel-windows-x86_64 0.5.1 10.00 53.00 63.00 NOTE
r-patched-linux-x86_64 0.5.1 2.36 23.78 26.14 NOTE
r-release-linux-x86_64 0.5.1 2.19 24.16 26.35 NOTE
r-release-macos-arm64 0.5.1 14.00 NOTE
r-release-macos-x86_64 0.5.1 22.00 NOTE
r-release-windows-x86_64 0.5.1 19.00 50.00 69.00 NOTE
r-oldrel-macos-arm64 0.5.1 22.00 NOTE
r-oldrel-macos-x86_64 0.5.1 24.00 NOTE
r-oldrel-windows-ix86+x86_64 0.5.1 7.00 49.00 56.00 NOTE

Check Details

Version: 0.5.1
Check: LazyData
Result: NOTE
     'LazyData' is specified without a 'data' directory
Flavors: r-devel-linux-x86_64-debian-clang, r-devel-linux-x86_64-debian-gcc, r-devel-linux-x86_64-fedora-clang, r-devel-linux-x86_64-fedora-gcc, r-devel-windows-x86_64, r-patched-linux-x86_64, r-release-linux-x86_64, r-release-macos-arm64, r-release-macos-x86_64, r-release-windows-x86_64, r-oldrel-macos-arm64, r-oldrel-macos-x86_64, r-oldrel-windows-ix86+x86_64