CRAN Package Check Results for Package autoBagging

Last updated on 2023-03-23 06:52:14 CET.

Flavor Version Tinstall Tcheck Ttotal Status Flags
r-devel-linux-x86_64-debian-clang 0.1.0 15.76 115.20 130.96 OK
r-devel-linux-x86_64-debian-gcc 0.1.0 12.96 87.11 100.07 OK
r-devel-linux-x86_64-fedora-clang 0.1.0 184.13 NOTE
r-devel-linux-x86_64-fedora-gcc 0.1.0 163.35 NOTE
r-devel-windows-x86_64 0.1.0 117.00 154.00 271.00 OK
r-patched-linux-x86_64 0.1.0 17.50 105.34 122.84 OK
r-release-linux-x86_64 0.1.0 11.81 104.49 116.30 OK
r-release-macos-arm64 0.1.0 44.00 NOTE
r-release-macos-x86_64 0.1.0 77.00 NOTE
r-release-windows-x86_64 0.1.0 141.00 143.00 284.00 OK
r-oldrel-macos-arm64 0.1.0 52.00 NOTE
r-oldrel-macos-x86_64 0.1.0 85.00 NOTE
r-oldrel-windows-ix86+x86_64 0.1.0 35.00 128.00 163.00 OK

Check Details

Version: 0.1.0
Check: dependencies in R code
Result: NOTE
    Namespace in Imports field not imported from: ‘abind’
     All declared Imports should be used.
Flavors: r-devel-linux-x86_64-fedora-clang, r-devel-linux-x86_64-fedora-gcc, r-release-macos-arm64, r-release-macos-x86_64, r-oldrel-macos-arm64, r-oldrel-macos-x86_64