CRAN Package Check Results for Package auto.pca

Last updated on 2021-09-20 01:48:27 CEST.

Flavor Version Tinstall Tcheck Ttotal Status Flags
r-devel-linux-x86_64-debian-clang 0.3 2.83 29.56 32.39 NOTE
r-devel-linux-x86_64-debian-gcc 0.3 2.01 23.31 25.32 NOTE
r-devel-linux-x86_64-fedora-clang 0.3 48.14 NOTE
r-devel-linux-x86_64-fedora-gcc 0.3 37.01 NOTE
r-devel-windows-x86_64 0.3 3.00 36.00 39.00 NOTE
r-devel-windows-x86_64-gcc10-UCRT 0.3 ERROR
r-patched-linux-x86_64 0.3 2.38 29.35 31.73 NOTE
r-patched-solaris-x86 0.3 62.50 NOTE
r-release-linux-x86_64 0.3 2.62 29.16 31.78 NOTE
r-release-macos-arm64 0.3 NOTE
r-release-macos-x86_64 0.3 NOTE
r-release-windows-ix86+x86_64 0.3 7.00 48.00 55.00 NOTE
r-oldrel-macos-x86_64 0.3 OK
r-oldrel-windows-ix86+x86_64 0.3 7.00 48.00 55.00 OK

Check Details

Version: 0.3
Check: LazyData
Result: NOTE
     'LazyData' is specified without a 'data' directory
Flavors: r-devel-linux-x86_64-debian-clang, r-devel-linux-x86_64-debian-gcc, r-devel-linux-x86_64-fedora-clang, r-devel-linux-x86_64-fedora-gcc, r-devel-windows-x86_64, r-devel-windows-x86_64-gcc10-UCRT, r-patched-linux-x86_64, r-patched-solaris-x86, r-release-linux-x86_64, r-release-macos-arm64, r-release-macos-x86_64, r-release-windows-ix86+x86_64

Version: 0.3
Check: whether package can be installed
Result: WARN
    Found the following significant warnings:
     WARNING: installation-time patches will not be applied, could not get the patches index
Flavor: r-devel-windows-x86_64-gcc10-UCRT

Version: 0.3
Check: PDF version of manual
Result: WARN
    LaTeX errors when creating PDF version.
    This typically indicates Rd problems.
Flavor: r-devel-windows-x86_64-gcc10-UCRT

Version: 0.3
Check: PDF version of manual without hyperrefs or index
Result: ERROR
    Re-running with no redirection of stdout/stderr.
Flavor: r-devel-windows-x86_64-gcc10-UCRT