Last updated on 2022-06-26 00:51:30 CEST.
Flavor | Version | Tinstall | Tcheck | Ttotal | Status | Flags |
---|---|---|---|---|---|---|
r-devel-linux-x86_64-debian-clang | 0.1.0 | 2.15 | 357.61 | 359.76 | NOTE | |
r-devel-linux-x86_64-debian-gcc | 0.1.0 | 1.61 | 247.39 | 249.00 | NOTE | |
r-devel-linux-x86_64-fedora-clang | 0.1.0 | 427.07 | NOTE | |||
r-devel-linux-x86_64-fedora-gcc | 0.1.0 | 438.62 | NOTE | |||
r-devel-windows-x86_64 | 0.1.0 | 16.00 | 352.00 | 368.00 | NOTE | |
r-patched-linux-x86_64 | 0.1.0 | 2.50 | 347.15 | 349.65 | NOTE | |
r-release-linux-x86_64 | 0.1.0 | 2.24 | 348.95 | 351.19 | NOTE | |
r-release-macos-arm64 | 0.1.0 | 89.00 | NOTE | |||
r-release-macos-x86_64 | 0.1.0 | 128.00 | NOTE | |||
r-release-windows-x86_64 | 0.1.0 | 17.00 | 358.00 | 375.00 | NOTE | |
r-oldrel-macos-arm64 | 0.1.0 | 104.00 | NOTE | |||
r-oldrel-macos-x86_64 | 0.1.0 | 182.00 | NOTE | |||
r-oldrel-windows-ix86+x86_64 | 0.1.0 | 6.00 | 436.00 | 442.00 | NOTE |
Version: 0.1.0
Check: LazyData
Result: NOTE
'LazyData' is specified without a 'data' directory
Flavors: r-devel-linux-x86_64-debian-clang, r-devel-linux-x86_64-debian-gcc, r-devel-linux-x86_64-fedora-clang, r-devel-linux-x86_64-fedora-gcc, r-devel-windows-x86_64, r-patched-linux-x86_64, r-release-linux-x86_64, r-release-macos-arm64, r-release-macos-x86_64, r-release-windows-x86_64, r-oldrel-macos-arm64, r-oldrel-macos-x86_64, r-oldrel-windows-ix86+x86_64