CRAN Package Check Results for Package auRoc

Last updated on 2021-09-20 01:48:27 CEST.

Flavor Version Tinstall Tcheck Ttotal Status Flags
r-devel-linux-x86_64-debian-clang 0.2-1 3.46 29.58 33.04 OK
r-devel-linux-x86_64-debian-gcc 0.2-1 2.71 23.84 26.55 OK
r-devel-linux-x86_64-fedora-clang 0.2-1 49.31 OK
r-devel-linux-x86_64-fedora-gcc 0.2-1 39.22 OK
r-devel-windows-x86_64 0.2-1 7.00 37.00 44.00 OK
r-devel-windows-x86_64-gcc10-UCRT 0.2-1 ERROR
r-patched-linux-x86_64 0.2-1 3.49 29.44 32.93 OK
r-patched-solaris-x86 0.2-1 68.20 OK
r-release-linux-x86_64 0.2-1 3.45 29.46 32.91 OK
r-release-macos-arm64 0.2-1 OK
r-release-macos-x86_64 0.2-1 OK
r-release-windows-ix86+x86_64 0.2-1 9.00 45.00 54.00 OK
r-oldrel-macos-x86_64 0.2-1 OK
r-oldrel-windows-ix86+x86_64 0.2-1 9.00 39.00 48.00 OK

Check Details

Version: 0.2-1
Check: whether package can be installed
Result: WARN
    Found the following significant warnings:
     WARNING: installation-time patches will not be applied, could not get the patches index
Flavor: r-devel-windows-x86_64-gcc10-UCRT

Version: 0.2-1
Check: PDF version of manual
Result: WARN
    LaTeX errors when creating PDF version.
    This typically indicates Rd problems.
Flavor: r-devel-windows-x86_64-gcc10-UCRT

Version: 0.2-1
Check: PDF version of manual without hyperrefs or index
Result: ERROR
    Re-running with no redirection of stdout/stderr.
Flavor: r-devel-windows-x86_64-gcc10-UCRT