CRAN Package Check Results for Package attempt

Last updated on 2022-01-26 07:52:37 CET.

Flavor Version Tinstall Tcheck Ttotal Status Flags
r-devel-linux-x86_64-debian-clang 0.3.1 2.19 40.38 42.57 NOTE
r-devel-linux-x86_64-debian-gcc 0.3.1 1.58 31.85 33.43 NOTE
r-devel-linux-x86_64-fedora-clang 0.3.1 53.20 NOTE
r-devel-linux-x86_64-fedora-gcc 0.3.1 44.86 NOTE
r-devel-windows-x86_64-new-UL 0.3.1 40.00 78.00 118.00 NOTE
r-devel-windows-x86_64-new-TK 0.3.1 NOTE
r-patched-linux-x86_64 0.3.1 2.10 40.73 42.83 NOTE
r-release-linux-x86_64 0.3.1 1.84 40.92 42.76 NOTE
r-release-macos-arm64 0.3.1 NOTE
r-release-macos-x86_64 0.3.1 NOTE
r-release-windows-ix86+x86_64 0.3.1 6.00 53.00 59.00 NOTE
r-oldrel-macos-x86_64 0.3.1 OK
r-oldrel-windows-ix86+x86_64 0.3.1 5.00 52.00 57.00 OK

Check Details

Version: 0.3.1
Check: LazyData
Result: NOTE
     'LazyData' is specified without a 'data' directory
Flavors: r-devel-linux-x86_64-debian-clang, r-devel-linux-x86_64-debian-gcc, r-devel-linux-x86_64-fedora-clang, r-devel-linux-x86_64-fedora-gcc, r-devel-windows-x86_64-new-UL, r-devel-windows-x86_64-new-TK, r-patched-linux-x86_64, r-release-linux-x86_64, r-release-macos-arm64, r-release-macos-x86_64, r-release-windows-ix86+x86_64