CRAN Package Check Results for Package asteRisk

Last updated on 2022-10-04 21:53:34 CEST.

Flavor Version Tinstall Tcheck Ttotal Status Flags
r-devel-linux-x86_64-debian-clang 1.4.1 48.12 118.67 166.79 NOTE
r-devel-linux-x86_64-debian-gcc 1.4.1 33.03 86.69 119.72 NOTE
r-devel-linux-x86_64-fedora-clang 1.4.1 241.19 NOTE
r-devel-linux-x86_64-fedora-gcc 1.4.1 222.30 NOTE
r-devel-windows-x86_64 1.4.1 92.00 160.00 252.00 NOTE
r-patched-linux-x86_64 1.4.1 46.06 112.35 158.41 NOTE
r-release-linux-x86_64 1.4.1 39.94 113.40 153.34 NOTE
r-release-macos-arm64 1.4.1 58.00 NOTE
r-release-macos-x86_64 1.4.1 70.00 NOTE
r-release-windows-x86_64 1.4.1 93.00 155.00 248.00 NOTE
r-oldrel-macos-arm64 1.4.1 54.00 NOTE
r-oldrel-macos-x86_64 1.4.1 69.00 NOTE
r-oldrel-windows-ix86+x86_64 1.4.1 106.00 173.00 279.00 NOTE

Check Details

Version: 1.4.1
Check: package dependencies
Result: NOTE
    Package suggested but not available for checking: 'asteRiskData'
Flavors: r-devel-linux-x86_64-debian-clang, r-devel-linux-x86_64-debian-gcc, r-devel-linux-x86_64-fedora-clang, r-devel-linux-x86_64-fedora-gcc, r-devel-windows-x86_64, r-patched-linux-x86_64, r-release-linux-x86_64, r-release-macos-arm64, r-release-macos-x86_64, r-release-windows-x86_64, r-oldrel-macos-arm64, r-oldrel-macos-x86_64, r-oldrel-windows-ix86+x86_64

Version: 1.4.1
Check: for GNU extensions in Makefiles
Result: NOTE
    GNU make is a SystemRequirements.
Flavors: r-devel-linux-x86_64-debian-clang, r-devel-linux-x86_64-debian-gcc, r-devel-linux-x86_64-fedora-clang, r-devel-linux-x86_64-fedora-gcc, r-devel-windows-x86_64, r-patched-linux-x86_64, r-release-linux-x86_64, r-release-macos-arm64, r-release-macos-x86_64, r-release-windows-x86_64, r-oldrel-macos-arm64, r-oldrel-macos-x86_64, r-oldrel-windows-ix86+x86_64

Version: 1.4.1
Check: installed package size
Result: NOTE
     installed size is 5.1Mb
     sub-directories of 1Mb or more:
     doc 2.6Mb
     libs 1.1Mb
Flavors: r-devel-windows-x86_64, r-release-macos-arm64, r-release-macos-x86_64, r-release-windows-x86_64, r-oldrel-macos-arm64, r-oldrel-macos-x86_64, r-oldrel-windows-ix86+x86_64