CRAN Package Check Results for Package assignR

Last updated on 2021-06-20 13:48:47 CEST.

Flavor Version Tinstall Tcheck Ttotal Status Flags
r-devel-linux-x86_64-debian-clang 2.1.0 12.20 269.72 281.92 OK
r-devel-linux-x86_64-debian-gcc 2.1.0 10.44 201.14 211.58 OK
r-devel-linux-x86_64-fedora-clang 2.1.0 362.42 OK
r-devel-linux-x86_64-fedora-gcc 2.1.0 334.32 OK
r-devel-windows-x86_64 2.1.0 21.00 343.00 364.00 OK
r-devel-windows-x86_64-gcc10-UCRT 2.1.0 NOTE
r-patched-linux-x86_64 2.1.0 11.44 258.08 269.52 OK
r-patched-solaris-x86 2.1.0 352.90 OK
r-release-linux-x86_64 2.1.0 12.40 258.51 270.91 OK
r-release-macos-arm64 2.1.0 OK
r-release-macos-x86_64 2.1.0 OK
r-release-windows-ix86+x86_64 2.1.0 26.00 256.00 282.00 OK
r-oldrel-macos-x86_64 2.1.0 OK
r-oldrel-windows-ix86+x86_64 2.1.0 32.00 266.00 298.00 OK

Check Details

Version: 2.1.0
Check: package dependencies
Result: NOTE
    Package suggested but not available for checking: 'covr'
Flavor: r-devel-windows-x86_64-gcc10-UCRT