Last updated on 2023-03-31 12:54:05 CEST.
Flavor | Version | Tinstall | Tcheck | Ttotal | Status | Flags |
---|---|---|---|---|---|---|
r-devel-linux-x86_64-debian-clang | 0.0-3 | 2.00 | 23.82 | 25.82 | NOTE | |
r-devel-linux-x86_64-debian-gcc | 0.0-3 | 1.50 | 18.71 | 20.21 | NOTE | |
r-devel-linux-x86_64-fedora-clang | 0.0-3 | 32.52 | NOTE | |||
r-devel-linux-x86_64-fedora-gcc | 0.0-3 | 30.42 | NOTE | |||
r-devel-windows-x86_64 | 0.0-3 | 21.00 | 0.00 | 21.00 | NOTE | |
r-patched-linux-x86_64 | 0.0-3 | 2.08 | 23.17 | 25.25 | NOTE | |
r-release-linux-x86_64 | 0.0-3 | 2.00 | 24.40 | 26.40 | NOTE | |
r-release-macos-arm64 | 0.0-3 | 15.00 | NOTE | |||
r-release-macos-x86_64 | 0.0-3 | 22.00 | NOTE | |||
r-release-windows-x86_64 | 0.0-3 | 17.00 | 58.00 | 75.00 | NOTE | |
r-oldrel-macos-arm64 | 0.0-3 | 19.00 | NOTE | |||
r-oldrel-macos-x86_64 | 0.0-3 | 28.00 | NOTE | |||
r-oldrel-windows-ix86+x86_64 | 0.0-3 | 5.00 | 49.00 | 54.00 | NOTE |
Version: 0.0-3
Check: LazyData
Result: NOTE
'LazyData' is specified without a 'data' directory
Flavors: r-devel-linux-x86_64-debian-clang, r-devel-linux-x86_64-debian-gcc, r-devel-linux-x86_64-fedora-clang, r-devel-linux-x86_64-fedora-gcc, r-devel-windows-x86_64, r-patched-linux-x86_64, r-release-linux-x86_64, r-release-macos-arm64, r-release-macos-x86_64, r-release-windows-x86_64, r-oldrel-macos-arm64, r-oldrel-macos-x86_64, r-oldrel-windows-ix86+x86_64
Version: 0.0-3
Check: Rd cross-references
Result: NOTE
Undeclared package ‘sets’ in Rd xrefs
Flavor: r-devel-linux-x86_64-fedora-clang