CRAN Package Check Results for Package aslib

Last updated on 2021-11-26 19:52:43 CET.

Flavor Version Tinstall Tcheck Ttotal Status Flags
r-devel-linux-x86_64-debian-clang 0.1.1 18.70 176.89 195.59 NOTE
r-devel-linux-x86_64-debian-gcc 0.1.1 16.41 130.77 147.18 NOTE
r-devel-linux-x86_64-fedora-clang 0.1.1 245.92 NOTE
r-devel-linux-x86_64-fedora-gcc 0.1.1 229.53 NOTE
r-devel-windows-x86_64-new-UL 0.1.1 34.00 204.00 238.00 NOTE
r-devel-windows-x86_64-new-TK 0.1.1 NOTE
r-devel-windows-x86_64-old 0.1.1 22.00 187.00 209.00 NOTE
r-patched-linux-x86_64 0.1.1 20.34 168.81 189.15 NOTE
r-release-linux-x86_64 0.1.1 NOTE
r-release-macos-arm64 0.1.1 NOTE
r-release-macos-x86_64 0.1.1 NOTE
r-release-windows-ix86+x86_64 0.1.1 40.00 181.00 221.00 NOTE
r-oldrel-macos-x86_64 0.1.1 OK
r-oldrel-windows-ix86+x86_64 0.1.1 39.00 184.00 223.00 OK

Check Details

Version: 0.1.1
Check: LazyData
Result: NOTE
     'LazyData' is specified without a 'data' directory
Flavors: r-devel-linux-x86_64-debian-clang, r-devel-linux-x86_64-debian-gcc, r-devel-linux-x86_64-fedora-clang, r-devel-linux-x86_64-fedora-gcc, r-devel-windows-x86_64-new-UL, r-devel-windows-x86_64-new-TK, r-devel-windows-x86_64-old, r-patched-linux-x86_64, r-release-linux-x86_64, r-release-macos-arm64, r-release-macos-x86_64, r-release-windows-ix86+x86_64