CRAN Package Check Results for Package arthistory

Last updated on 2022-10-06 18:49:44 CEST.

Flavor Version Tinstall Tcheck Ttotal Status Flags
r-devel-linux-x86_64-debian-clang 0.1.0 1.90 26.61 28.51 OK
r-devel-linux-x86_64-debian-gcc 0.1.0 1.75 20.44 22.19 OK
r-devel-linux-x86_64-fedora-clang 0.1.0 49.00 NOTE
r-devel-linux-x86_64-fedora-gcc 0.1.0 47.27 NOTE
r-devel-windows-x86_64 0.1.0 16.00 56.00 72.00 OK
r-patched-linux-x86_64 0.1.0 2.46 25.59 28.05 OK
r-release-linux-x86_64 0.1.0 2.31 25.31 27.62 OK
r-release-macos-arm64 0.1.0 24.00 NOTE
r-release-macos-x86_64 0.1.0 24.00 NOTE
r-release-windows-x86_64 0.1.0 16.00 55.00 71.00 OK
r-oldrel-macos-arm64 0.1.0 23.00 NOTE
r-oldrel-macos-x86_64 0.1.0 25.00 NOTE
r-oldrel-windows-ix86+x86_64 0.1.0 5.00 60.00 65.00 OK

Check Details

Version: 0.1.0
Check: data for non-ASCII characters
Result: NOTE
     Note: found 1409 marked UTF-8 strings
Flavors: r-devel-linux-x86_64-fedora-clang, r-devel-linux-x86_64-fedora-gcc, r-release-macos-arm64, r-release-macos-x86_64, r-oldrel-macos-arm64, r-oldrel-macos-x86_64