CRAN Package Check Results for Package aroma.apd

Last updated on 2022-09-26 00:50:25 CEST.

Flavor Version Tinstall Tcheck Ttotal Status Flags
r-devel-linux-x86_64-debian-clang 0.6.1 3.11 39.14 42.25 OK
r-devel-linux-x86_64-debian-gcc 0.6.1 2.23 30.88 33.11 OK
r-devel-linux-x86_64-fedora-clang 0.6.1 62.35 OK
r-devel-linux-x86_64-fedora-gcc 0.6.1 64.30 OK
r-devel-windows-x86_64 0.6.1 19.00 169.00 188.00 OK
r-patched-linux-x86_64 0.6.1 3.60 38.79 42.39 OK
r-release-linux-x86_64 0.6.1 3.23 38.63 41.86 OK
r-release-macos-arm64 0.6.1 25.00 NOTE
r-release-macos-x86_64 0.6.1 31.00 OK
r-release-windows-x86_64 0.6.1 19.00 169.00 188.00 OK
r-oldrel-macos-arm64 0.6.1 19.00 OK
r-oldrel-macos-x86_64 0.6.1 28.00 OK
r-oldrel-windows-ix86+x86_64 0.6.1 9.00 64.00 73.00 OK

Check Details

Version: 0.6.1
Check: package dependencies
Result: NOTE
    Package suggested but not available for checking: ‘affxparser’
Flavor: r-release-macos-arm64

Version: 0.6.1
Check: Rd cross-references
Result: NOTE
    Package unavailable to check Rd xrefs: ‘affxparser’
Flavor: r-release-macos-arm64