CRAN Package Check Results for Package aroma.affymetrix

Last updated on 2022-10-05 12:56:44 CEST.

Flavor Version Tinstall Tcheck Ttotal Status Flags
r-devel-linux-x86_64-debian-clang 3.2.1 56.66 357.75 414.41 OK
r-devel-linux-x86_64-debian-gcc 3.2.1 46.77 256.42 303.19 OK
r-devel-linux-x86_64-fedora-clang 3.2.1 544.00 NOTE
r-devel-linux-x86_64-fedora-gcc 3.2.1 488.08 OK
r-devel-windows-x86_64 3.2.1 2420.00 410.00 2830.00 NOTE
r-patched-linux-x86_64 3.2.1 67.53 317.70 385.23 OK
r-release-linux-x86_64 3.2.1 51.62 319.10 370.72 OK
r-release-macos-arm64 3.2.1 110.00 NOTE
r-release-macos-x86_64 3.2.1 140.00 NOTE
r-release-windows-x86_64 3.2.1 2213.00 375.00 2588.00 NOTE
r-oldrel-macos-arm64 3.2.1 101.00 NOTE
r-oldrel-macos-x86_64 3.2.1 147.00 NOTE
r-oldrel-windows-ix86+x86_64 3.2.1 96.00 316.00 412.00 NOTE

Check Details

Version: 3.2.1
Check: installed package size
Result: NOTE
     installed size is 5.8Mb
     sub-directories of 1Mb or more:
     R 2.3Mb
     help 1.1Mb
     testScripts 1.3Mb
Flavors: r-devel-linux-x86_64-fedora-clang, r-devel-windows-x86_64, r-release-macos-arm64, r-release-macos-x86_64, r-release-windows-x86_64, r-oldrel-macos-arm64, r-oldrel-macos-x86_64, r-oldrel-windows-ix86+x86_64

Version: 3.2.1
Check: package dependencies
Result: NOTE
    Packages suggested but not available for checking:
     'affxparser', 'oligo', 'oligoClasses', 'pdInfoBuilder',
     'AffymetrixDataTestFiles'
Flavor: r-release-macos-arm64

Version: 3.2.1
Check: Rd cross-references
Result: NOTE
    Packages unavailable to check Rd xrefs: ‘affxparser’, ‘oligo’, ‘oligoClasses’
Flavor: r-release-macos-arm64