CRAN Package Check Results for Package armada

Last updated on 2024-04-23 18:50:47 CEST.

Flavor Version Tinstall Tcheck Ttotal Status Flags
r-devel-linux-x86_64-debian-clang 0.1.0 16.22 198.55 214.77 OK
r-devel-linux-x86_64-debian-gcc 0.1.0 14.50 144.24 158.74 OK
r-devel-linux-x86_64-fedora-clang 0.1.0 264.11 NOTE
r-devel-linux-x86_64-fedora-gcc 0.1.0 251.15 NOTE
r-prerel-macos-arm64 0.1.0 62.00 OK
r-prerel-macos-x86_64 0.1.0 136.00 OK
r-prerel-windows-x86_64 0.1.0 17.00 143.00 160.00 OK
r-patched-linux-x86_64 0.1.0 18.09 181.99 200.08 OK
r-release-linux-x86_64 0.1.0 20.86 189.44 210.30 OK
r-release-macos-arm64 0.1.0 70.00 OK
r-release-macos-x86_64 0.1.0 125.00 OK
r-release-windows-x86_64 0.1.0 23.00 175.00 198.00 OK
r-oldrel-macos-arm64 0.1.0 72.00 NOTE
r-oldrel-windows-x86_64 0.1.0 24.00 171.00 195.00 OK

Check Details

Version: 0.1.0
Check: dependencies in R code
Result: NOTE Namespace in Imports field not imported from: ‘mvtnorm’ All declared Imports should be used. Flavors: r-devel-linux-x86_64-fedora-clang, r-devel-linux-x86_64-fedora-gcc, r-oldrel-macos-arm64