CRAN Package Check Results for Package arm

Last updated on 2022-09-27 00:50:57 CEST.

Flavor Version Tinstall Tcheck Ttotal Status Flags
r-devel-linux-x86_64-debian-clang 1.13-1 15.01 115.09 130.10 OK
r-devel-linux-x86_64-debian-gcc 1.13-1 10.92 85.87 96.79 OK
r-devel-linux-x86_64-fedora-clang 1.13-1 173.54 NOTE
r-devel-linux-x86_64-fedora-gcc 1.13-1 173.71 OK
r-devel-windows-x86_64 1.13-1 31.00 138.00 169.00 OK
r-patched-linux-x86_64 1.13-1 12.77 107.52 120.29 OK
r-release-linux-x86_64 1.13-1 14.40 107.61 122.01 OK
r-release-macos-arm64 1.13-1 45.00 OK
r-release-macos-x86_64 1.13-1 58.00 OK
r-release-windows-x86_64 1.13-1 30.00 143.00 173.00 OK
r-oldrel-macos-arm64 1.13-1 44.00 OK
r-oldrel-macos-x86_64 1.13-1 62.00 OK
r-oldrel-windows-ix86+x86_64 1.13-1 31.00 130.00 161.00 OK

Check Details

Version: 1.13-1
Check: Rd cross-references
Result: NOTE
    Undeclared packages ‘survey’, ‘Matching’ in Rd xrefs
Flavor: r-devel-linux-x86_64-fedora-clang