CRAN Package Check Results for Package arkdb

Last updated on 2022-09-30 00:49:09 CEST.

Flavor Version Tinstall Tcheck Ttotal Status Flags
r-devel-linux-x86_64-debian-clang 0.0.16 4.36 276.52 280.88 OK
r-devel-linux-x86_64-debian-gcc 0.0.16 2.24 210.59 212.83 OK
r-devel-linux-x86_64-fedora-clang 0.0.16 342.25 OK
r-devel-linux-x86_64-fedora-gcc 0.0.16 340.43 OK
r-devel-windows-x86_64 0.0.16 20.00 311.00 331.00 OK
r-patched-linux-x86_64 0.0.16 3.47 278.35 281.82 OK
r-release-linux-x86_64 0.0.16 2.96 269.95 272.91 OK
r-release-macos-arm64 0.0.16 101.00 OK
r-release-macos-x86_64 0.0.16 153.00 OK
r-release-windows-x86_64 0.0.16 21.00 313.00 334.00 OK
r-oldrel-macos-arm64 0.0.16 95.00 OK
r-oldrel-macos-x86_64 0.0.16 148.00 OK
r-oldrel-windows-ix86+x86_64 0.0.16 8.00 344.00 352.00 WARN

Check Details

Version: 0.0.16
Check: for unstated dependencies in ‘tests’
Result: WARN
    Warning: unable to access index for repository https://bioconductor.org/packages/3.14/bioc/src/contrib:
     cannot open URL 'https://bioconductor.org/packages/3.14/bioc/src/contrib/PACKAGES'
    Warning: unable to access index for repository https://bioconductor.org/packages/3.14/data/annotation/src/contrib:
     cannot open URL 'https://bioconductor.org/packages/3.14/data/annotation/src/contrib/PACKAGES'
    Warning: unable to access index for repository https://bioconductor.org/packages/3.14/data/experiment/src/contrib:
     cannot open URL 'https://bioconductor.org/packages/3.14/data/experiment/src/contrib/PACKAGES'
Flavor: r-oldrel-windows-ix86+x86_64