CRAN Package Check Results for Package argparse

Last updated on 2021-08-02 13:55:04 CEST.

Flavor Version Tinstall Tcheck Ttotal Status Flags
r-devel-linux-x86_64-debian-clang 2.0.3 5.08 40.13 45.21 OK
r-devel-linux-x86_64-debian-gcc 2.0.3 3.99 31.88 35.87 OK
r-devel-linux-x86_64-fedora-clang 2.0.3 70.75 OK
r-devel-linux-x86_64-fedora-gcc 2.0.3 57.68 OK
r-devel-windows-x86_64 2.0.3 7.00 62.00 69.00 OK --no-vignettes
r-devel-windows-x86_64-gcc10-UCRT 2.0.3 ERROR
r-patched-linux-x86_64 2.0.3 OK
r-patched-solaris-x86 2.0.3 71.20 OK --no-vignettes
r-release-linux-x86_64 2.0.3 4.84 38.84 43.68 OK
r-release-macos-arm64 2.0.3 OK
r-release-macos-x86_64 2.0.3 OK
r-release-windows-ix86+x86_64 2.0.3 10.00 45.00 55.00 OK --no-vignettes
r-oldrel-macos-x86_64 2.0.3 OK
r-oldrel-windows-ix86+x86_64 2.0.3 9.00 60.00 69.00 OK --no-vignettes

Check Details

Version: 2.0.3
Check: examples
Result: ERROR
    Running examples in 'argparse-Ex.R' failed
    The error most likely occurred in:
    
    > ### Name: ArgumentParser
    > ### Title: Create a command line parser
    > ### Aliases: ArgumentParser
    >
    > ### ** Examples
    >
    >
    > parser <- ArgumentParser(description='Process some integers')
    Error in findpython::find_python_cmd(required_modules = required_modules) :
     Couldn't find a sufficient Python binary. If you haven't installed the Python dependency yet please do so. If you have but it isn't on the system path (as is default on Windows) please add it to path or set options('python_cmd'='/path/to/binary') or set the PYTHON, PYTHON2, or PYTHON3 environmental variables. Python must have access to the modules: argparse, json | simplejson
    Calls: ArgumentParser -> .find_python_cmd -> <Anonymous>
    Execution halted
Flavor: r-devel-windows-x86_64-gcc10-UCRT

Version: 2.0.3
Check: tests
Result: ERROR
     Running 'run-all.R'
    Running the tests in 'tests/run-all.R' failed.
    Complete output:
     > library("testthat")
     >
     > test_check("argparse")
     Loading required package: argparse
     ══ Failed tests ════════════════════════════════════════════════════════════════
     ── Error (test-argparse.R:24:1): (code run outside of `test_that()`) ───────────
     Error: Couldn't find a sufficient Python binary. If you haven't installed the Python dependency yet please do so. If you have but it isn't on the system path (as is default on Windows) please add it to path or set options('python_cmd'='/path/to/binary') or set the PYTHON, PYTHON2, or PYTHON3 environmental variables. Python must have access to the modules: argparse, json | simplejson
     Backtrace:
     █
     1. ├─base::options(python_cmd = .find_python_cmd(NULL)) test-argparse.R:24:0
     2. └─argparse:::.find_python_cmd(NULL)
     3. └─findpython::find_python_cmd(required_modules = required_modules)
    
     [ FAIL 1 | WARN 0 | SKIP 0 | PASS 0 ]
     Error: Test failures
     Execution halted
Flavor: r-devel-windows-x86_64-gcc10-UCRT