CRAN Package Check Results for Package argonR

Last updated on 2021-06-19 01:50:11 CEST.

Flavor Version Tinstall Tcheck Ttotal Status Flags
r-devel-linux-x86_64-debian-clang 0.2.0 4.48 30.46 34.94 NOTE
r-devel-linux-x86_64-debian-gcc 0.2.0 3.03 23.94 26.97 NOTE
r-devel-linux-x86_64-fedora-clang 0.2.0 49.70 NOTE
r-devel-linux-x86_64-fedora-gcc 0.2.0 40.00 NOTE
r-devel-windows-x86_64 0.2.0 7.00 37.00 44.00 NOTE
r-devel-windows-x86_64-gcc10-UCRT 0.2.0 NOTE
r-patched-linux-x86_64 0.2.0 4.31 29.08 33.39 NOTE
r-patched-solaris-x86 0.2.0 62.70 NOTE
r-release-linux-x86_64 0.2.0 4.16 29.36 33.52 NOTE
r-release-macos-arm64 0.2.0 NOTE
r-release-macos-x86_64 0.2.0 NOTE
r-release-windows-ix86+x86_64 0.2.0 9.00 45.00 54.00 NOTE
r-oldrel-macos-x86_64 0.2.0 OK
r-oldrel-windows-ix86+x86_64 0.2.0 7.00 46.00 53.00 OK

Check Details

Version: 0.2.0
Check: LazyData
Result: NOTE
     'LazyData' is specified without a 'data' directory
Flavors: r-devel-linux-x86_64-debian-clang, r-devel-linux-x86_64-debian-gcc, r-devel-linux-x86_64-fedora-clang, r-devel-linux-x86_64-fedora-gcc, r-devel-windows-x86_64, r-devel-windows-x86_64-gcc10-UCRT, r-patched-linux-x86_64, r-patched-solaris-x86, r-release-linux-x86_64, r-release-macos-arm64, r-release-macos-x86_64, r-release-windows-ix86+x86_64