CRAN Package Check Results for Package arealDB

Last updated on 2021-07-26 01:50:02 CEST.

Flavor Version Tinstall Tcheck Ttotal Status Flags
r-devel-linux-x86_64-debian-clang 0.3.9 10.75 131.58 142.33 OK
r-devel-linux-x86_64-debian-gcc 0.3.9 8.44 99.43 107.87 OK
r-devel-linux-x86_64-fedora-clang 0.3.9 165.60 NOTE
r-devel-linux-x86_64-fedora-gcc 0.3.9 154.28 NOTE
r-devel-windows-x86_64 0.3.9 16.00 101.00 117.00 ERROR
r-devel-windows-x86_64-gcc10-UCRT 0.3.9 NOTE
r-patched-linux-x86_64 0.3.9 15.91 123.10 139.01 OK
r-patched-solaris-x86 0.3.9 206.40 NOTE
r-release-linux-x86_64 0.3.9 9.34 122.97 132.31 OK
r-release-macos-arm64 0.3.9 NOTE
r-release-macos-x86_64 0.3.9 NOTE
r-release-windows-ix86+x86_64 0.3.9 21.00 97.00 118.00 OK
r-oldrel-macos-x86_64 0.3.9 NOTE
r-oldrel-windows-ix86+x86_64 0.3.9 37.00 95.00 132.00 ERROR

Check Details

Version: 0.3.9
Check: data for non-ASCII characters
Result: NOTE
     Note: found 8 marked UTF-8 strings
Flavors: r-devel-linux-x86_64-fedora-clang, r-devel-linux-x86_64-fedora-gcc, r-devel-windows-x86_64-gcc10-UCRT, r-patched-solaris-x86, r-release-macos-arm64, r-release-macos-x86_64, r-oldrel-macos-x86_64

Version: 0.3.9
Check: examples
Result: ERROR
    Running examples in 'arealDB-Ex.R' failed
    The error most likely occurred in:
    
    > ### Name: makeExampleDB
    > ### Title: Build an example database
    > ### Aliases: makeExampleDB
    >
    > ### ** Examples
    >
    > # to merely register a set of files
    > makeExampleDB(until = "regTable")
    I have created a new project directory.
     -> please run 'setVariables()' to create a translation table for territories.
    please type in the path to the local folder where the licence is stored:
    Error: Cannot open file for writing:
    * 'D:\temp\RtmpEtTZDC\newDB\inv_dataseries.csv'
    Execution halted
Flavor: r-devel-windows-x86_64

Version: 0.3.9
Check: tests
Result: ERROR
     Running 'testthat.R' [9s]
    Running the tests in 'tests/testthat.R' failed.
    Complete output:
     > library(testthat)
     >
     > test_check("arealDB")
     Loading required package: arealDB
     == Failed tests ================================================================
     -- Error (test_03_translateTerms.R:11:3): already known terms are correct ------
     Error: Cannot open file for writing:
     * 'D:\temp\RtmpKqwktq\newDB\tt_nations.csv'
     Backtrace:
     x
     1. \-arealDB:::translateTerms(...) test_03_translateTerms.R:11:2
     2. \-arealDB:::updateTable(index = out, name = args)
     3. \-readr::write_csv(...)
     4. \-readr::write_delim(...)
     5. \-vroom::vroom_write(...)
     6. \-vroom:::vroom_write_(...)
     -- Error (test_04_regDataseries.R:11:3): a dataseries inventory entry can be produced --
     Error: Cannot open file for writing:
     * 'D:\temp\RtmpKqwktq\newDB\inv_dataseries.csv'
     Backtrace:
     x
     1. \-arealDB::regDataseries(...) test_04_regDataseries.R:11:2
     2. \-arealDB:::updateTable(...)
     3. \-readr::write_csv(...)
     4. \-readr::write_delim(...)
     5. \-vroom::vroom_write(...)
     6. \-vroom:::vroom_write_(...)
     -- Error (test_05_regGeometry.R:8:3): a geometry inventory entry is produced ---
     Error: Cannot open file for writing:
     * 'D:\temp\RtmpKqwktq\newDB\inv_dataseries.csv'
     Backtrace:
     x
     1. \-arealDB::makeExampleDB(until = "regDataseries") test_05_regGeometry.R:8:2
     2. \-arealDB::regDataseries(...)
     3. \-arealDB:::updateTable(...)
     4. \-readr::write_csv(...)
     5. \-readr::write_delim(...)
     6. \-vroom::vroom_write(...)
     7. \-vroom:::vroom_write_(...)
     -- Error (test_05_regGeometry.R:29:3): function asks for details, if not provided --
     Error: Cannot open file for writing:
     * 'D:\temp\RtmpKqwktq\newDB\inv_dataseries.csv'
     Backtrace:
     x
     1. \-arealDB::makeExampleDB(until = "regDataseries") test_05_regGeometry.R:29:2
     2. \-arealDB::regDataseries(...)
     3. \-arealDB:::updateTable(...)
     4. \-readr::write_csv(...)
     5. \-readr::write_delim(...)
     6. \-vroom::vroom_write(...)
     7. \-vroom:::vroom_write_(...)
     -- Error (test_06_regTable.R:10:3): a table inventory entry is produced --------
     Error: Cannot open file for writing:
     * 'D:\temp\RtmpKqwktq\newDB\inv_dataseries.csv'
     Backtrace:
     x
     1. \-arealDB::makeExampleDB(until = "regGeometry") test_06_regTable.R:10:2
     2. \-arealDB::regDataseries(...)
     3. \-arealDB:::updateTable(...)
     4. \-readr::write_csv(...)
     5. \-readr::write_delim(...)
     6. \-vroom::vroom_write(...)
     7. \-vroom:::vroom_write_(...)
     -- Error (test_06_regTable.R:44:3): function asks for details, if not provided --
     Error: Cannot open file for writing:
     * 'D:\temp\RtmpKqwktq\newDB\inv_dataseries.csv'
     Backtrace:
     x
     1. \-arealDB::makeExampleDB(until = "regGeometry") test_06_regTable.R:44:2
     2. \-arealDB::regDataseries(...)
     3. \-arealDB:::updateTable(...)
     4. \-readr::write_csv(...)
     5. \-readr::write_delim(...)
     6. \-vroom::vroom_write(...)
     7. \-vroom:::vroom_write_(...)
     -- Error (test_07_normGeometry.R:8:3): geometries can be normalised ------------
     Error: Cannot open file for writing:
     * 'D:\temp\RtmpKqwktq\newDB\inv_dataseries.csv'
     Backtrace:
     x
     1. \-arealDB::makeExampleDB(until = "regTable") test_07_normGeometry.R:8:2
     2. \-arealDB::regDataseries(...)
     3. \-arealDB:::updateTable(...)
     4. \-readr::write_csv(...)
     5. \-readr::write_delim(...)
     6. \-vroom::vroom_write(...)
     7. \-vroom:::vroom_write_(...)
     -- Error (test_08_matchUnits.R:12:3): units are matched ------------------------
     Error: Cannot open file for writing:
     * 'D:\temp\RtmpKqwktq\newDB\inv_dataseries.csv'
     Backtrace:
     x
     1. \-arealDB::makeExampleDB(until = "normGeometry") test_08_matchUnits.R:12:2
     2. \-arealDB::regDataseries(...)
     3. \-arealDB:::updateTable(...)
     4. \-readr::write_csv(...)
     5. \-readr::write_delim(...)
     6. \-vroom::vroom_write(...)
     7. \-vroom:::vroom_write_(...)
     -- Error (test_09_matchVars.R:9:3): variables are matched ----------------------
     Error: Cannot open file for writing:
     * 'D:\temp\RtmpKqwktq\newDB\inv_dataseries.csv'
     Backtrace:
     x
     1. \-arealDB::makeExampleDB(until = "normGeometry") test_09_matchVars.R:9:2
     2. \-arealDB::regDataseries(...)
     3. \-arealDB:::updateTable(...)
     4. \-readr::write_csv(...)
     5. \-readr::write_delim(...)
     6. \-vroom::vroom_write(...)
     7. \-vroom:::vroom_write_(...)
     -- Error (test_10_normTable.R:11:3): tables can be normalised (without matched variables) --
     Error: Cannot open file for writing:
     * 'D:\temp\RtmpKqwktq\newDB\inv_dataseries.csv'
     Backtrace:
     x
     1. \-arealDB::makeExampleDB(until = "normGeometry") test_10_normTable.R:11:2
     2. \-arealDB::regDataseries(...)
     3. \-arealDB:::updateTable(...)
     4. \-readr::write_csv(...)
     5. \-readr::write_delim(...)
     6. \-vroom::vroom_write(...)
     7. \-vroom:::vroom_write_(...)
     -- Error (test_10_normTable.R:26:3): tables can be normalised (with matched variables) --
     Error: Cannot open file for writing:
     * 'D:\temp\RtmpKqwktq\newDB\inv_dataseries.csv'
     Backtrace:
     x
     1. \-arealDB::makeExampleDB(until = "normGeometry") test_10_normTable.R:26:2
     2. \-arealDB::regDataseries(...)
     3. \-arealDB:::updateTable(...)
     4. \-readr::write_csv(...)
     5. \-readr::write_delim(...)
     6. \-vroom::vroom_write(...)
     7. \-vroom:::vroom_write_(...)
    
     [ FAIL 11 | WARN 0 | SKIP 0 | PASS 31 ]
     Error: Test failures
     Execution halted
Flavor: r-devel-windows-x86_64

Version: 0.3.9
Check: examples
Result: ERROR
    Running examples in 'arealDB-Ex.R' failed
    The error most likely occurred in:
    
    > ### Name: makeExampleDB
    > ### Title: Build an example database
    > ### Aliases: makeExampleDB
    >
    > ### ** Examples
    >
    > # to merely register a set of files
    > makeExampleDB(until = "regTable")
    I have created a new project directory.
     -> please run 'setVariables()' to create a translation table for territories.
    please type in the path to the local folder where the licence is stored:
    Error: Cannot open file for writing:
    * 'D:\temp\RtmpwJ15q4\newDB\inv_dataseries.csv'
    Execution halted
Flavor: r-oldrel-windows-ix86+x86_64

Version: 0.3.9
Check: tests
Result: ERROR
     Running 'testthat.R' [9s]
    Running the tests in 'tests/testthat.R' failed.
    Complete output:
     > library(testthat)
     >
     > test_check("arealDB")
     Loading required package: arealDB
     == Failed tests ================================================================
     -- Error (test_03_translateTerms.R:11:3): already known terms are correct ------
     Error: Cannot open file for writing:
     * 'D:\temp\RtmpGmOACx\newDB\tt_nations.csv'
     Backtrace:
     x
     1. \-arealDB:::translateTerms(...) test_03_translateTerms.R:11:2
     2. \-arealDB:::updateTable(index = out, name = args)
     3. \-readr::write_csv(...)
     4. \-readr::write_delim(...)
     5. \-vroom::vroom_write(...)
     6. \-vroom:::vroom_write_(...)
     -- Error (test_04_regDataseries.R:11:3): a dataseries inventory entry can be produced --
     Error: Cannot open file for writing:
     * 'D:\temp\RtmpGmOACx\newDB\inv_dataseries.csv'
     Backtrace:
     x
     1. \-arealDB::regDataseries(...) test_04_regDataseries.R:11:2
     2. \-arealDB:::updateTable(...)
     3. \-readr::write_csv(...)
     4. \-readr::write_delim(...)
     5. \-vroom::vroom_write(...)
     6. \-vroom:::vroom_write_(...)
     -- Error (test_05_regGeometry.R:8:3): a geometry inventory entry is produced ---
     Error: Cannot open file for writing:
     * 'D:\temp\RtmpGmOACx\newDB\inv_dataseries.csv'
     Backtrace:
     x
     1. \-arealDB::makeExampleDB(until = "regDataseries") test_05_regGeometry.R:8:2
     2. \-arealDB::regDataseries(...)
     3. \-arealDB:::updateTable(...)
     4. \-readr::write_csv(...)
     5. \-readr::write_delim(...)
     6. \-vroom::vroom_write(...)
     7. \-vroom:::vroom_write_(...)
     -- Error (test_05_regGeometry.R:29:3): function asks for details, if not provided --
     Error: Cannot open file for writing:
     * 'D:\temp\RtmpGmOACx\newDB\inv_dataseries.csv'
     Backtrace:
     x
     1. \-arealDB::makeExampleDB(until = "regDataseries") test_05_regGeometry.R:29:2
     2. \-arealDB::regDataseries(...)
     3. \-arealDB:::updateTable(...)
     4. \-readr::write_csv(...)
     5. \-readr::write_delim(...)
     6. \-vroom::vroom_write(...)
     7. \-vroom:::vroom_write_(...)
     -- Error (test_06_regTable.R:10:3): a table inventory entry is produced --------
     Error: Cannot open file for writing:
     * 'D:\temp\RtmpGmOACx\newDB\inv_dataseries.csv'
     Backtrace:
     x
     1. \-arealDB::makeExampleDB(until = "regGeometry") test_06_regTable.R:10:2
     2. \-arealDB::regDataseries(...)
     3. \-arealDB:::updateTable(...)
     4. \-readr::write_csv(...)
     5. \-readr::write_delim(...)
     6. \-vroom::vroom_write(...)
     7. \-vroom:::vroom_write_(...)
     -- Error (test_06_regTable.R:44:3): function asks for details, if not provided --
     Error: Cannot open file for writing:
     * 'D:\temp\RtmpGmOACx\newDB\inv_dataseries.csv'
     Backtrace:
     x
     1. \-arealDB::makeExampleDB(until = "regGeometry") test_06_regTable.R:44:2
     2. \-arealDB::regDataseries(...)
     3. \-arealDB:::updateTable(...)
     4. \-readr::write_csv(...)
     5. \-readr::write_delim(...)
     6. \-vroom::vroom_write(...)
     7. \-vroom:::vroom_write_(...)
     -- Error (test_07_normGeometry.R:8:3): geometries can be normalised ------------
     Error: Cannot open file for writing:
     * 'D:\temp\RtmpGmOACx\newDB\inv_dataseries.csv'
     Backtrace:
     x
     1. \-arealDB::makeExampleDB(until = "regTable") test_07_normGeometry.R:8:2
     2. \-arealDB::regDataseries(...)
     3. \-arealDB:::updateTable(...)
     4. \-readr::write_csv(...)
     5. \-readr::write_delim(...)
     6. \-vroom::vroom_write(...)
     7. \-vroom:::vroom_write_(...)
     -- Error (test_08_matchUnits.R:12:3): units are matched ------------------------
     Error: Cannot open file for writing:
     * 'D:\temp\RtmpGmOACx\newDB\inv_dataseries.csv'
     Backtrace:
     x
     1. \-arealDB::makeExampleDB(until = "normGeometry") test_08_matchUnits.R:12:2
     2. \-arealDB::regDataseries(...)
     3. \-arealDB:::updateTable(...)
     4. \-readr::write_csv(...)
     5. \-readr::write_delim(...)
     6. \-vroom::vroom_write(...)
     7. \-vroom:::vroom_write_(...)
     -- Error (test_09_matchVars.R:9:3): variables are matched ----------------------
     Error: Cannot open file for writing:
     * 'D:\temp\RtmpGmOACx\newDB\inv_dataseries.csv'
     Backtrace:
     x
     1. \-arealDB::makeExampleDB(until = "normGeometry") test_09_matchVars.R:9:2
     2. \-arealDB::regDataseries(...)
     3. \-arealDB:::updateTable(...)
     4. \-readr::write_csv(...)
     5. \-readr::write_delim(...)
     6. \-vroom::vroom_write(...)
     7. \-vroom:::vroom_write_(...)
     -- Error (test_10_normTable.R:11:3): tables can be normalised (without matched variables) --
     Error: Cannot open file for writing:
     * 'D:\temp\RtmpGmOACx\newDB\inv_dataseries.csv'
     Backtrace:
     x
     1. \-arealDB::makeExampleDB(until = "normGeometry") test_10_normTable.R:11:2
     2. \-arealDB::regDataseries(...)
     3. \-arealDB:::updateTable(...)
     4. \-readr::write_csv(...)
     5. \-readr::write_delim(...)
     6. \-vroom::vroom_write(...)
     7. \-vroom:::vroom_write_(...)
     -- Error (test_10_normTable.R:26:3): tables can be normalised (with matched variables) --
     Error: Cannot open file for writing:
     * 'D:\temp\RtmpGmOACx\newDB\inv_dataseries.csv'
     Backtrace:
     x
     1. \-arealDB::makeExampleDB(until = "normGeometry") test_10_normTable.R:26:2
     2. \-arealDB::regDataseries(...)
     3. \-arealDB:::updateTable(...)
     4. \-readr::write_csv(...)
     5. \-readr::write_delim(...)
     6. \-vroom::vroom_write(...)
     7. \-vroom:::vroom_write_(...)
    
     [ FAIL 11 | WARN 0 | SKIP 0 | PASS 31 ]
     Error: Test failures
     Execution halted
Flavor: r-oldrel-windows-ix86+x86_64