CRAN Package Check Results for Package areabiplot

Last updated on 2023-03-30 06:53:08 CEST.

Flavor Version Tinstall Tcheck Ttotal Status Flags
r-devel-linux-x86_64-debian-clang 1.0.0 1.98 23.85 25.83 NOTE
r-devel-linux-x86_64-debian-gcc 1.0.0 1.59 19.12 20.71 NOTE
r-devel-linux-x86_64-fedora-clang 1.0.0 33.34 NOTE
r-devel-linux-x86_64-fedora-gcc 1.0.0 31.69 NOTE
r-devel-windows-x86_64 1.0.0 11.00 0.00 11.00 NOTE
r-patched-linux-x86_64 1.0.0 1.87 23.31 25.18 NOTE
r-release-linux-x86_64 1.0.0 1.92 24.35 26.27 NOTE
r-release-macos-arm64 1.0.0 20.00 NOTE
r-release-macos-x86_64 1.0.0 22.00 NOTE
r-release-windows-x86_64 1.0.0 12.00 57.00 69.00 NOTE
r-oldrel-macos-arm64 1.0.0 29.00 NOTE
r-oldrel-macos-x86_64 1.0.0 27.00 NOTE
r-oldrel-windows-ix86+x86_64 1.0.0 7.00 50.00 57.00 NOTE

Check Details

Version: 1.0.0
Check: LazyData
Result: NOTE
     'LazyData' is specified without a 'data' directory
Flavors: r-devel-linux-x86_64-debian-clang, r-devel-linux-x86_64-debian-gcc, r-devel-linux-x86_64-fedora-clang, r-devel-linux-x86_64-fedora-gcc, r-devel-windows-x86_64, r-patched-linux-x86_64, r-release-linux-x86_64, r-release-macos-arm64, r-release-macos-x86_64, r-release-windows-x86_64, r-oldrel-macos-arm64, r-oldrel-macos-x86_64, r-oldrel-windows-ix86+x86_64