CRAN Package Check Results for Package archivist

Last updated on 2022-10-04 21:53:34 CEST.

Flavor Version Tinstall Tcheck Ttotal Status Flags
r-devel-linux-x86_64-debian-clang 2.3.6 10.25 91.67 101.92 OK
r-devel-linux-x86_64-debian-gcc 2.3.6 7.48 69.08 76.56 OK
r-devel-linux-x86_64-fedora-clang 2.3.6 143.62 NOTE
r-devel-linux-x86_64-fedora-gcc 2.3.6 135.58 OK
r-devel-windows-x86_64 2.3.6 145.00 156.00 301.00 OK
r-patched-linux-x86_64 2.3.6 11.99 85.75 97.74 OK
r-release-linux-x86_64 2.3.6 10.56 85.26 95.82 OK
r-release-macos-arm64 2.3.6 38.00 OK
r-release-macos-x86_64 2.3.6 53.00 OK
r-release-windows-x86_64 2.3.6 110.00 145.00 255.00 OK
r-oldrel-macos-arm64 2.3.6 43.00 OK
r-oldrel-macos-x86_64 2.3.6 53.00 OK
r-oldrel-windows-ix86+x86_64 2.3.6 21.00 136.00 157.00 OK

Check Details

Version: 2.3.6
Check: Rd cross-references
Result: NOTE
    Undeclared package ‘rmarkdown’ in Rd xrefs
Flavor: r-devel-linux-x86_64-fedora-clang