CRAN Package Check Results for Package archdata

Last updated on 2021-09-26 19:48:51 CEST.

Flavor Version Tinstall Tcheck Ttotal Status Flags
r-devel-linux-x86_64-debian-clang 1.2-1 1.68 35.98 37.66 OK
r-devel-linux-x86_64-debian-gcc 1.2-1 1.47 27.10 28.57 OK
r-devel-linux-x86_64-fedora-clang 1.2-1 54.00 NOTE
r-devel-linux-x86_64-fedora-gcc 1.2-1 43.52 NOTE
r-devel-windows-x86_64 1.2-1 3.00 51.00 54.00 OK
r-devel-windows-x86_64-gcc10-UCRT 1.2-1 NOTE
r-patched-linux-x86_64 1.2-1 2.39 33.73 36.12 OK
r-patched-solaris-x86 1.2-1 76.10 NOTE
r-release-linux-x86_64 1.2-1 1.80 34.01 35.81 OK
r-release-macos-arm64 1.2-1 NOTE
r-release-macos-x86_64 1.2-1 NOTE
r-release-windows-ix86+x86_64 1.2-1 5.00 62.00 67.00 OK
r-oldrel-macos-x86_64 1.2-1 NOTE
r-oldrel-windows-ix86+x86_64 1.2-1 4.00 47.00 51.00 OK

Check Details

Version: 1.2-1
Check: data for non-ASCII characters
Result: NOTE
     Note: found 76 marked Latin-1 strings
Flavors: r-devel-linux-x86_64-fedora-clang, r-devel-linux-x86_64-fedora-gcc, r-devel-windows-x86_64-gcc10-UCRT, r-patched-solaris-x86, r-release-macos-arm64, r-release-macos-x86_64, r-oldrel-macos-x86_64