CRAN Package Check Results for Package apricom

Last updated on 2021-11-26 19:52:43 CET.

Flavor Version Tinstall Tcheck Ttotal Status Flags
r-devel-linux-x86_64-debian-clang 1.0.0 18.74 155.51 174.25 NOTE
r-devel-linux-x86_64-debian-gcc 1.0.0 15.64 115.67 131.31 NOTE
r-devel-linux-x86_64-fedora-clang 1.0.0 232.97 NOTE
r-devel-linux-x86_64-fedora-gcc 1.0.0 225.08 NOTE
r-devel-windows-x86_64-new-UL 1.0.0 35.00 205.00 240.00 NOTE
r-devel-windows-x86_64-new-TK 1.0.0 NOTE
r-devel-windows-x86_64-old 1.0.0 25.00 136.00 161.00 NOTE
r-patched-linux-x86_64 1.0.0 17.26 144.41 161.67 NOTE
r-patched-solaris-x86 1.0.0 302.80 NOTE
r-release-linux-x86_64 1.0.0 NOTE
r-release-macos-arm64 1.0.0 NOTE
r-release-macos-x86_64 1.0.0 NOTE
r-release-windows-ix86+x86_64 1.0.0 43.00 190.00 233.00 NOTE
r-oldrel-macos-x86_64 1.0.0 OK
r-oldrel-windows-ix86+x86_64 1.0.0 44.00 190.00 234.00 OK

Check Details

Version: 1.0.0
Check: LazyData
Result: NOTE
     'LazyData' is specified without a 'data' directory
Flavors: r-devel-linux-x86_64-debian-clang, r-devel-linux-x86_64-debian-gcc, r-devel-linux-x86_64-fedora-clang, r-devel-linux-x86_64-fedora-gcc, r-devel-windows-x86_64-new-UL, r-devel-windows-x86_64-new-TK, r-devel-windows-x86_64-old, r-patched-linux-x86_64, r-patched-solaris-x86, r-release-linux-x86_64, r-release-macos-arm64, r-release-macos-x86_64, r-release-windows-ix86+x86_64