CRAN Package Check Results for Package aphylo

Last updated on 2022-10-04 19:01:17 CEST.

Flavor Version Tinstall Tcheck Ttotal Status Flags
r-devel-linux-x86_64-debian-clang 0.2-1 81.32 208.73 290.05 WARN
r-devel-linux-x86_64-debian-gcc 0.2-1 57.36 154.44 211.80 OK
r-devel-linux-x86_64-fedora-clang 0.2-1 379.76 WARN
r-devel-linux-x86_64-fedora-gcc 0.2-1 361.83 OK
r-devel-windows-x86_64 0.2-1 85.00 274.00 359.00 OK
r-patched-linux-x86_64 0.2-1 70.63 192.58 263.21 OK
r-release-linux-x86_64 0.2-1 64.34 196.66 261.00 OK
r-release-macos-arm64 0.2-1 90.00 OK
r-release-macos-x86_64 0.2-1 121.00 OK
r-release-windows-x86_64 0.2-1 86.00 288.00 374.00 OK
r-oldrel-macos-arm64 0.2-1 78.00 OK
r-oldrel-macos-x86_64 0.2-1 125.00 OK
r-oldrel-windows-ix86+x86_64 0.2-1 175.00 376.00 551.00 OK

Additional issues

clang14

Check Details

Version: 0.2-1
Check: whether package can be installed
Result: WARN
    Found the following significant warnings:
     ../inst/include/tree_meat.hpp:375:9: warning: use of bitwise '|' with boolean operands [-Wbitwise-instead-of-logical]
Flavors: r-devel-linux-x86_64-debian-clang, r-devel-linux-x86_64-fedora-clang