CRAN Package Check Results for Package apercu

Last updated on 2024-02-21 06:53:03 CET.

Flavor Version Tinstall Tcheck Ttotal Status Flags
r-devel-linux-x86_64-debian-clang 0.2.4 NOTE
r-devel-linux-x86_64-debian-gcc 0.2.4 1.74 18.18 19.92 NOTE
r-devel-linux-x86_64-fedora-clang 0.2.4 31.50 NOTE
r-devel-linux-x86_64-fedora-gcc 0.2.4 30.39 NOTE
r-devel-windows-x86_64 0.2.4 3.00 41.00 44.00 NOTE
r-patched-linux-x86_64 0.2.4 2.26 23.09 25.35 NOTE
r-release-linux-x86_64 0.2.4 2.30 22.94 25.24 NOTE
r-release-macos-arm64 0.2.4 16.00 NOTE
r-release-macos-x86_64 0.2.4 20.00 NOTE
r-release-windows-x86_64 0.2.4 3.00 41.00 44.00 NOTE
r-oldrel-macos-arm64 0.2.4 20.00 NOTE
r-oldrel-windows-x86_64 0.2.4 4.00 49.00 53.00 NOTE

Check Details

Version: 0.2.4
Check: Rd \usage sections
Result: NOTE Documented arguments not in \usage in Rd file 'apercu.Rd': ‘c’ Functions with \usage entries need to have the appropriate \alias entries, and all their arguments documented. The \usage entries must correspond to syntactically valid R code. See chapter ‘Writing R documentation files’ in the ‘Writing R Extensions’ manual. Flavors: r-devel-linux-x86_64-debian-clang, r-devel-linux-x86_64-debian-gcc, r-devel-linux-x86_64-fedora-clang, r-devel-linux-x86_64-fedora-gcc, r-devel-windows-x86_64

Version: 0.2.4
Check: LazyData
Result: NOTE 'LazyData' is specified without a 'data' directory Flavors: r-devel-linux-x86_64-debian-clang, r-devel-linux-x86_64-debian-gcc, r-devel-linux-x86_64-fedora-clang, r-devel-linux-x86_64-fedora-gcc, r-devel-windows-x86_64, r-patched-linux-x86_64, r-release-linux-x86_64, r-release-macos-arm64, r-release-macos-x86_64, r-release-windows-x86_64, r-oldrel-macos-arm64, r-oldrel-windows-x86_64

Version: 0.2.4
Check: dependencies in R code
Result: NOTE Namespace in Imports field not imported from: ‘pls’ All declared Imports should be used. Flavors: r-devel-linux-x86_64-fedora-clang, r-devel-linux-x86_64-fedora-gcc