CRAN Package Check Results for Package antiword

Last updated on 2021-09-25 19:49:55 CEST.

Flavor Version Tinstall Tcheck Ttotal Status Flags
r-devel-linux-x86_64-debian-clang 1.3 14.86 20.81 35.67 NOTE
r-devel-linux-x86_64-debian-gcc 1.3 9.70 16.29 25.99 NOTE
r-devel-linux-x86_64-fedora-clang 1.3 52.97 NOTE
r-devel-linux-x86_64-fedora-gcc 1.3 40.86 NOTE
r-devel-windows-x86_64 1.3 18.00 28.00 46.00 NOTE
r-devel-windows-x86_64-gcc10-UCRT 1.3 NOTE
r-patched-linux-x86_64 1.3 11.39 20.22 31.61 NOTE
r-patched-solaris-x86 1.3 68.30 NOTE
r-release-linux-x86_64 1.3 11.05 20.19 31.24 NOTE
r-release-macos-arm64 1.3 NOTE
r-release-macos-x86_64 1.3 NOTE
r-release-windows-ix86+x86_64 1.3 46.00 43.00 89.00 NOTE
r-oldrel-macos-x86_64 1.3 OK
r-oldrel-windows-ix86+x86_64 1.3 51.00 34.00 85.00 OK

Check Details

Version: 1.3
Check: LazyData
Result: NOTE
     'LazyData' is specified without a 'data' directory
Flavors: r-devel-linux-x86_64-debian-clang, r-devel-linux-x86_64-debian-gcc, r-devel-linux-x86_64-fedora-clang, r-devel-linux-x86_64-fedora-gcc, r-devel-windows-x86_64, r-devel-windows-x86_64-gcc10-UCRT, r-patched-linux-x86_64, r-patched-solaris-x86, r-release-linux-x86_64, r-release-macos-arm64, r-release-macos-x86_64, r-release-windows-ix86+x86_64