CRAN Package Check Results for Package altfuelr

Last updated on 2021-08-04 13:52:46 CEST.

Flavor Version Tinstall Tcheck Ttotal Status Flags
r-devel-linux-x86_64-debian-clang 0.1.0 5.36 28.31 33.67 OK
r-devel-linux-x86_64-debian-gcc 0.1.0 4.68 23.38 28.06 OK
r-devel-linux-x86_64-fedora-clang 0.1.0 51.65 NOTE
r-devel-linux-x86_64-fedora-gcc 0.1.0 41.71 NOTE
r-devel-windows-x86_64 0.1.0 7.00 46.00 53.00 OK
r-devel-windows-x86_64-gcc10-UCRT 0.1.0 NOTE
r-patched-linux-x86_64 0.1.0 6.53 28.26 34.79 OK
r-patched-solaris-x86 0.1.0 67.00 NOTE
r-release-linux-x86_64 0.1.0 5.48 28.30 33.78 OK
r-release-macos-arm64 0.1.0 NOTE
r-release-macos-x86_64 0.1.0 NOTE
r-release-windows-ix86+x86_64 0.1.0 12.00 47.00 59.00 OK
r-oldrel-macos-x86_64 0.1.0 NOTE
r-oldrel-windows-ix86+x86_64 0.1.0 7.00 46.00 53.00 OK

Check Details

Version: 0.1.0
Check: data for non-ASCII characters
Result: NOTE
     Note: found 171 marked UTF-8 strings
Flavors: r-devel-linux-x86_64-fedora-clang, r-devel-linux-x86_64-fedora-gcc, r-devel-windows-x86_64-gcc10-UCRT, r-patched-solaris-x86, r-release-macos-arm64, r-release-macos-x86_64, r-oldrel-macos-x86_64