CRAN Package Check Results for Package altadata

Last updated on 2024-02-25 01:00:57 CET.

Flavor Version Tinstall Tcheck Ttotal Status Flags
r-devel-linux-x86_64-debian-clang 0.1.1 2.36 21.17 23.53 NOTE
r-devel-linux-x86_64-debian-gcc 0.1.1 1.73 17.13 18.86 NOTE
r-devel-linux-x86_64-fedora-clang 0.1.1 30.27 NOTE
r-devel-linux-x86_64-fedora-gcc 0.1.1 28.61 NOTE
r-devel-windows-x86_64 0.1.1 3.00 40.00 43.00 NOTE
r-patched-linux-x86_64 0.1.1 2.47 21.39 23.86 NOTE
r-release-linux-x86_64 0.1.1 2.34 21.30 23.64 NOTE
r-release-macos-arm64 0.1.1 16.00 NOTE
r-release-macos-x86_64 0.1.1 21.00 NOTE
r-release-windows-x86_64 0.1.1 4.00 41.00 45.00 NOTE
r-oldrel-macos-arm64 0.1.1 14.00 NOTE
r-oldrel-windows-x86_64 0.1.1 4.00 42.00 46.00 NOTE

Check Details

Version: 0.1.1
Check: LazyData
Result: NOTE 'LazyData' is specified without a 'data' directory Flavors: r-devel-linux-x86_64-debian-clang, r-devel-linux-x86_64-debian-gcc, r-devel-linux-x86_64-fedora-clang, r-devel-linux-x86_64-fedora-gcc, r-devel-windows-x86_64, r-patched-linux-x86_64, r-release-linux-x86_64, r-release-macos-arm64, r-release-macos-x86_64, r-release-windows-x86_64, r-oldrel-macos-arm64, r-oldrel-windows-x86_64