CRAN Package Check Results for Package alfr

Last updated on 2024-02-22 00:58:23 CET.

Flavor Version Tinstall Tcheck Ttotal Status Flags
r-devel-linux-x86_64-debian-clang 1.2.1 NOTE
r-devel-linux-x86_64-debian-gcc 1.2.1 2.63 29.94 32.57 NOTE
r-devel-linux-x86_64-fedora-clang 1.2.1 52.40 NOTE
r-devel-linux-x86_64-fedora-gcc 1.2.1 61.05 NOTE
r-devel-windows-x86_64 1.2.1 4.00 66.00 70.00 NOTE
r-patched-linux-x86_64 1.2.1 3.45 37.63 41.08 NOTE
r-release-linux-x86_64 1.2.1 3.67 37.04 40.71 NOTE
r-release-macos-arm64 1.2.1 27.00 NOTE
r-release-macos-x86_64 1.2.1 49.00 NOTE
r-release-windows-x86_64 1.2.1 5.00 68.00 73.00 NOTE
r-oldrel-macos-arm64 1.2.1 18.00 NOTE
r-oldrel-windows-x86_64 1.2.1 5.00 72.00 77.00 NOTE

Check Details

Version: 1.2.1
Check: LazyData
Result: NOTE 'LazyData' is specified without a 'data' directory Flavors: r-devel-linux-x86_64-debian-clang, r-devel-linux-x86_64-debian-gcc, r-devel-linux-x86_64-fedora-clang, r-devel-linux-x86_64-fedora-gcc, r-devel-windows-x86_64, r-patched-linux-x86_64, r-release-linux-x86_64, r-release-macos-arm64, r-release-macos-x86_64, r-release-windows-x86_64, r-oldrel-macos-arm64, r-oldrel-windows-x86_64