CRAN Package Check Results for Package airportr

Last updated on 2021-05-18 22:50:53 CEST.

Flavor Version Tinstall Tcheck Ttotal Status Flags
r-devel-linux-x86_64-debian-clang 0.1.3 5.04 48.92 53.96 OK
r-devel-linux-x86_64-debian-gcc 0.1.3 3.84 36.95 40.79 OK
r-devel-linux-x86_64-fedora-clang 0.1.3 71.48 NOTE
r-devel-linux-x86_64-fedora-gcc 0.1.3 61.66 NOTE
r-devel-windows-ix86+x86_64 0.1.3 10.00 50.00 60.00 OK
r-devel-windows-x86_64-gcc10-UCRT 0.1.3 NOTE
r-patched-linux-x86_64 0.1.3 4.24 46.57 50.81 OK
r-patched-solaris-x86 0.1.3 92.40 NOTE
r-release-linux-x86_64 0.1.3 4.13 45.88 50.01 OK
r-release-macos-x86_64 0.1.3 NOTE
r-release-windows-ix86+x86_64 0.1.3 10.00 51.00 61.00 OK
r-oldrel-macos-x86_64 0.1.3 NOTE
r-oldrel-windows-ix86+x86_64 0.1.3 7.00 64.00 71.00 OK

Check Details

Version: 0.1.3
Check: data for non-ASCII characters
Result: NOTE
     Note: found 710 marked UTF-8 strings
Flavors: r-devel-linux-x86_64-fedora-clang, r-devel-linux-x86_64-fedora-gcc, r-devel-windows-x86_64-gcc10-UCRT, r-patched-solaris-x86, r-release-macos-x86_64, r-oldrel-macos-x86_64