CRAN Package Check Results for Package aire.zmvm

Last updated on 2021-09-25 13:51:39 CEST.

Flavor Version Tinstall Tcheck Ttotal Status Flags
r-devel-linux-x86_64-debian-clang 0.8.2 8.46 76.36 84.82 OK
r-devel-linux-x86_64-debian-gcc 0.8.2 6.69 55.91 62.60 OK
r-devel-linux-x86_64-fedora-clang 0.8.2 114.05 NOTE
r-devel-linux-x86_64-fedora-gcc 0.8.2 94.97 NOTE
r-devel-windows-x86_64 0.8.2 10.00 72.00 82.00 OK
r-devel-windows-x86_64-gcc10-UCRT 0.8.2 NOTE
r-patched-linux-x86_64 0.8.2 8.15 70.49 78.64 OK
r-patched-solaris-x86 0.8.2 136.30 NOTE
r-release-linux-x86_64 0.8.2 7.86 70.21 78.07 OK
r-release-macos-arm64 0.8.2 NOTE
r-release-macos-x86_64 0.8.2 NOTE
r-release-windows-ix86+x86_64 0.8.2 20.00 95.00 115.00 OK
r-oldrel-macos-x86_64 0.8.2 NOTE
r-oldrel-windows-ix86+x86_64 0.8.2 14.00 71.00 85.00 OK

Check Details

Version: 0.8.2
Check: data for non-ASCII characters
Result: NOTE
     Note: found 53 marked UTF-8 strings
Flavors: r-devel-linux-x86_64-fedora-clang, r-devel-linux-x86_64-fedora-gcc, r-devel-windows-x86_64-gcc10-UCRT, r-patched-solaris-x86, r-release-macos-arm64, r-release-macos-x86_64, r-oldrel-macos-x86_64

Version: 0.8.2
Check: package dependencies
Result: NOTE
    Package suggested but not available for checking: ‘ggseas’
Flavor: r-patched-solaris-x86