CRAN Package Check Results for Package airGRteaching

Last updated on 2024-05-23 12:48:19 CEST.

Flavor Version Tinstall Tcheck Ttotal Status Flags
r-devel-linux-x86_64-debian-clang 0.3.2 7.04 227.92 234.96 OK
r-devel-linux-x86_64-debian-gcc 0.3.2 6.02 188.27 194.29 OK
r-devel-linux-x86_64-fedora-clang 0.3.2 305.02 NOTE
r-devel-linux-x86_64-fedora-gcc 0.3.2 323.39 OK
r-devel-windows-x86_64 0.3.2 8.00 213.00 221.00 NOTE
r-patched-linux-x86_64 0.3.2 9.88 238.32 248.20 OK
r-release-linux-x86_64 0.3.2 7.89 239.76 247.65 OK
r-release-macos-arm64 0.3.2 108.00 NOTE
r-release-windows-x86_64 0.3.2 10.00 215.00 225.00 NOTE
r-oldrel-macos-arm64 0.3.2 96.00 NOTE
r-oldrel-macos-x86_64 0.3.2 186.00 NOTE
r-oldrel-windows-x86_64 0.3.2 10.00 244.00 254.00 NOTE

Check Details

Version: 0.3.2
Check: installed package size
Result: NOTE installed size is 8.1Mb sub-directories of 1Mb or more: ShinyGR 4.3Mb doc 3.5Mb Flavors: r-devel-linux-x86_64-fedora-clang, r-devel-windows-x86_64, r-release-macos-arm64, r-release-windows-x86_64, r-oldrel-macos-arm64, r-oldrel-macos-x86_64, r-oldrel-windows-x86_64