CRAN Package Check Results for Package agtboost

Last updated on 2024-02-21 12:52:53 CET.

Flavor Version Tinstall Tcheck Ttotal Status Flags
r-devel-linux-x86_64-debian-clang 0.9.3 NOTE
r-devel-linux-x86_64-debian-gcc 0.9.3 32.37 36.00 68.37 NOTE
r-devel-linux-x86_64-fedora-clang 0.9.3 116.59 NOTE
r-devel-linux-x86_64-fedora-gcc 0.9.3 119.96 NOTE
r-devel-windows-x86_64 0.9.3 34.00 79.00 113.00 NOTE
r-patched-linux-x86_64 0.9.3 39.59 46.32 85.91 NOTE
r-release-linux-x86_64 0.9.3 38.37 47.16 85.53 NOTE
r-release-macos-arm64 0.9.3 39.00 NOTE
r-release-macos-x86_64 0.9.3 59.00 NOTE
r-release-windows-x86_64 0.9.3 42.00 92.00 134.00 NOTE
r-oldrel-macos-arm64 0.9.3 35.00 NOTE
r-oldrel-windows-x86_64 0.9.3 40.00 88.00 128.00 OK

Check Details

Version: 0.9.3
Check: C++ specification
Result: NOTE Specified C++11: please drop specification unless essential Flavors: r-devel-linux-x86_64-debian-clang, r-devel-linux-x86_64-debian-gcc, r-devel-linux-x86_64-fedora-clang, r-devel-linux-x86_64-fedora-gcc, r-devel-windows-x86_64, r-patched-linux-x86_64, r-release-linux-x86_64, r-release-macos-arm64, r-release-macos-x86_64, r-release-windows-x86_64

Version: 0.9.3
Check: installed package size
Result: NOTE installed size is 9.3Mb sub-directories of 1Mb or more: libs 8.8Mb Flavors: r-release-macos-arm64, r-release-macos-x86_64, r-oldrel-macos-arm64